{"id":30040,"date":"2026-08-26T13:27:28","date_gmt":"2026-08-26T13:27:28","guid":{"rendered":"https:\/\/kartellsp.com.br\/?post_type=product&#038;p=30040"},"modified":"2026-08-31T18:55:43","modified_gmt":"2026-08-31T18:55:43","slug":"a-i-lounge-outdoor","status":"publish","type":"product","link":"https:\/\/kartellsp.com.br\/en\/shop\/poltronas\/a-i-lounge-outdoor\/","title":{"rendered":"A.i. lounge externo"},"content":{"rendered":"<p>A.I. LOUNGE \u00e9 a nova poltrona da fam\u00edlia A.I. que combina materiais sustent\u00e1veis e conforto com um design gr\u00e1fico que olha para o futuro e para o bem-estar em nossos espa\u00e7os de conv\u00edvio. Uma poltrona para a sala de estar na qual os contornos, um tra\u00e7o distintivo da cole\u00e7\u00e3o, se combinam com o m\u00e1ximo conforto de assento. Dispon\u00edvel em branco, preto, laranja e cinza e em vers\u00f5es com e sem almofada, para uso interno e externo.<\/p>\n","protected":false},"excerpt":{"rendered":"<p>A.I. LOUNGE \u00e9 a nova poltrona da fam\u00edlia A.I. que combina materiais sustent\u00e1veis e conforto com um design gr\u00e1fico que olha para o futuro e para o bem-estar em nossos espa\u00e7os de con<\/p>\n","protected":false},"featured_media":23596,"comment_status":"open","ping_status":"closed","template":"","meta":[],"product_brand":[],"product_cat":[1334],"product_tag":[565,566,191,568],"class_list":["post-30040","product","type-product","status-publish","has-post-thumbnail","product_cat-poltronas","product_tag-conscious-material","product_tag-outdoor","product_tag-philippe-starck","product_tag-recycled-material","pa_color-branco-azul","pa_color-branco-bege-2","pa_color-branco-preto-2","pa_color-creme-verde","pa_color-ferrugem-cinza","first","instock","shipping-taxable","purchasable","product-type-variable","has-default-attributes"],"yoast_head":"<!-- This site is optimized with the Yoast SEO plugin v28.3 - https:\/\/yoast.com\/product\/yoast-seo-wordpress\/ -->\n<title>A.i. lounge externo - kartellsp.com.br<\/title>\n<meta name=\"robots\" content=\"index, follow, max-snippet:-1, max-image-preview:large, max-video-preview:-1\" \/>\n<link rel=\"canonical\" href=\"https:\/\/kartellsp.com.br\/en\/shop\/armchairs\/a-i-lounge-outdoor\/\" \/>\n<meta property=\"og:locale\" content=\"en_US\" \/>\n<meta property=\"og:type\" content=\"article\" \/>\n<meta property=\"og:title\" content=\"A.i. lounge externo - kartellsp.com.br\" \/>\n<meta property=\"og:description\" content=\"A.I. LOUNGE \u00e9 a nova poltrona da fam\u00edlia A.I. que combina materiais sustent\u00e1veis e conforto com um design gr\u00e1fico que olha para o futuro e para o bem-estar em nossos espa\u00e7os de con\" \/>\n<meta property=\"og:url\" content=\"https:\/\/kartellsp.com.br\/en\/shop\/armchairs\/a-i-lounge-outdoor\/\" \/>\n<meta property=\"og:site_name\" content=\"kartellsp.com.br\" \/>\n<meta property=\"article:modified_time\" content=\"2026-08-31T18:55:43+00:00\" \/>\n<meta property=\"og:image\" content=\"https:\/\/kartellsp.com.br\/wp-content\/uploads\/2026\/08\/KAR05904OB.webp\" \/>\n\t<meta property=\"og:image:width\" content=\"940\" \/>\n\t<meta property=\"og:image:height\" content=\"1197\" \/>\n\t<meta property=\"og:image:type\" content=\"image\/webp\" \/>\n<meta name=\"twitter:card\" content=\"summary_large_image\" \/>\n<script type=\"application\/ld+json\" class=\"yoast-schema-graph\">{\"@context\":\"https:\\\/\\\/schema.org\",\"@graph\":[{\"@type\":\"WebPage\",\"@id\":\"https:\\\/\\\/kartellsp.com.br\\\/shop\\\/armchairs\\\/a-i-lounge-outdoor\\\/\",\"url\":\"https:\\\/\\\/kartellsp.com.br\\\/shop\\\/armchairs\\\/a-i-lounge-outdoor\\\/\",\"name\":\"A.i. lounge externo - kartellsp.com.br\",\"isPartOf\":{\"@id\":\"https:\\\/\\\/kartellsp.com.br\\\/#website\"},\"primaryImageOfPage\":{\"@id\":\"https:\\\/\\\/kartellsp.com.br\\\/shop\\\/armchairs\\\/a-i-lounge-outdoor\\\/#primaryimage\"},\"image\":{\"@id\":\"https:\\\/\\\/kartellsp.com.br\\\/shop\\\/armchairs\\\/a-i-lounge-outdoor\\\/#primaryimage\"},\"thumbnailUrl\":\"https:\\\/\\\/kartellsp.com.br\\\/wp-content\\\/uploads\\\/2026\\\/08\\\/KAR05904OB.webp\",\"datePublished\":\"2026-08-26T13:27:28+00:00\",\"dateModified\":\"2026-08-31T18:55:43+00:00\",\"breadcrumb\":{\"@id\":\"https:\\\/\\\/kartellsp.com.br\\\/shop\\\/armchairs\\\/a-i-lounge-outdoor\\\/#breadcrumb\"},\"inLanguage\":\"en-US\",\"potentialAction\":[{\"@type\":\"ReadAction\",\"target\":[\"https:\\\/\\\/kartellsp.com.br\\\/shop\\\/armchairs\\\/a-i-lounge-outdoor\\\/\"]}]},{\"@type\":\"ImageObject\",\"inLanguage\":\"en-US\",\"@id\":\"https:\\\/\\\/kartellsp.com.br\\\/shop\\\/armchairs\\\/a-i-lounge-outdoor\\\/#primaryimage\",\"url\":\"https:\\\/\\\/kartellsp.com.br\\\/wp-content\\\/uploads\\\/2026\\\/08\\\/KAR05904OB.webp\",\"contentUrl\":\"https:\\\/\\\/kartellsp.com.br\\\/wp-content\\\/uploads\\\/2026\\\/08\\\/KAR05904OB.webp\",\"width\":940,\"height\":1197},{\"@type\":\"BreadcrumbList\",\"@id\":\"https:\\\/\\\/kartellsp.com.br\\\/shop\\\/armchairs\\\/a-i-lounge-outdoor\\\/#breadcrumb\",\"itemListElement\":[{\"@type\":\"ListItem\",\"position\":1,\"name\":\"Home\",\"item\":\"https:\\\/\\\/kartellsp.com.br\\\/\"},{\"@type\":\"ListItem\",\"position\":2,\"name\":\"Shop\",\"item\":\"https:\\\/\\\/kartellsp.com.br\\\/shop\\\/\"},{\"@type\":\"ListItem\",\"position\":3,\"name\":\"A.i. lounge externo\"}]},{\"@type\":\"WebSite\",\"@id\":\"https:\\\/\\\/kartellsp.com.br\\\/#website\",\"url\":\"https:\\\/\\\/kartellsp.com.br\\\/\",\"name\":\"kartellsp.com.br\",\"description\":\"kartellsp.com.br\",\"potentialAction\":[{\"@type\":\"SearchAction\",\"target\":{\"@type\":\"EntryPoint\",\"urlTemplate\":\"https:\\\/\\\/kartellsp.com.br\\\/?s={search_term_string}\"},\"query-input\":{\"@type\":\"PropertyValueSpecification\",\"valueRequired\":true,\"valueName\":\"search_term_string\"}}],\"inLanguage\":\"en-US\"}]}<\/script>\n<!-- \/ Yoast SEO plugin. -->","yoast_head_json":{"title":"A.i. lounge externo - kartellsp.com.br","robots":{"index":"index","follow":"follow","max-snippet":"max-snippet:-1","max-image-preview":"max-image-preview:large","max-video-preview":"max-video-preview:-1"},"canonical":"https:\/\/kartellsp.com.br\/en\/shop\/armchairs\/a-i-lounge-outdoor\/","og_locale":"en_US","og_type":"article","og_title":"A.i. lounge externo - kartellsp.com.br","og_description":"A.I. LOUNGE \u00e9 a nova poltrona da fam\u00edlia A.I. que combina materiais sustent\u00e1veis e conforto com um design gr\u00e1fico que olha para o futuro e para o bem-estar em nossos espa\u00e7os de con","og_url":"https:\/\/kartellsp.com.br\/en\/shop\/armchairs\/a-i-lounge-outdoor\/","og_site_name":"kartellsp.com.br","article_modified_time":"2026-08-31T18:55:43+00:00","og_image":[{"width":940,"height":1197,"url":"https:\/\/kartellsp.com.br\/wp-content\/uploads\/2026\/08\/KAR05904OB.webp","type":"image\/webp"}],"twitter_card":"summary_large_image","schema":{"@context":"https:\/\/schema.org","@graph":[{"@type":"WebPage","@id":"https:\/\/kartellsp.com.br\/shop\/armchairs\/a-i-lounge-outdoor\/","url":"https:\/\/kartellsp.com.br\/shop\/armchairs\/a-i-lounge-outdoor\/","name":"A.i. lounge externo - kartellsp.com.br","isPartOf":{"@id":"https:\/\/kartellsp.com.br\/#website"},"primaryImageOfPage":{"@id":"https:\/\/kartellsp.com.br\/shop\/armchairs\/a-i-lounge-outdoor\/#primaryimage"},"image":{"@id":"https:\/\/kartellsp.com.br\/shop\/armchairs\/a-i-lounge-outdoor\/#primaryimage"},"thumbnailUrl":"https:\/\/kartellsp.com.br\/wp-content\/uploads\/2026\/08\/KAR05904OB.webp","datePublished":"2026-08-26T13:27:28+00:00","dateModified":"2026-08-31T18:55:43+00:00","breadcrumb":{"@id":"https:\/\/kartellsp.com.br\/shop\/armchairs\/a-i-lounge-outdoor\/#breadcrumb"},"inLanguage":"en-US","potentialAction":[{"@type":"ReadAction","target":["https:\/\/kartellsp.com.br\/shop\/armchairs\/a-i-lounge-outdoor\/"]}]},{"@type":"ImageObject","inLanguage":"en-US","@id":"https:\/\/kartellsp.com.br\/shop\/armchairs\/a-i-lounge-outdoor\/#primaryimage","url":"https:\/\/kartellsp.com.br\/wp-content\/uploads\/2026\/08\/KAR05904OB.webp","contentUrl":"https:\/\/kartellsp.com.br\/wp-content\/uploads\/2026\/08\/KAR05904OB.webp","width":940,"height":1197},{"@type":"BreadcrumbList","@id":"https:\/\/kartellsp.com.br\/shop\/armchairs\/a-i-lounge-outdoor\/#breadcrumb","itemListElement":[{"@type":"ListItem","position":1,"name":"Home","item":"https:\/\/kartellsp.com.br\/"},{"@type":"ListItem","position":2,"name":"Shop","item":"https:\/\/kartellsp.com.br\/shop\/"},{"@type":"ListItem","position":3,"name":"A.i. lounge externo"}]},{"@type":"WebSite","@id":"https:\/\/kartellsp.com.br\/#website","url":"https:\/\/kartellsp.com.br\/","name":"kartellsp.com.br","description":"kartellsp.com.br","potentialAction":[{"@type":"SearchAction","target":{"@type":"EntryPoint","urlTemplate":"https:\/\/kartellsp.com.br\/?s={search_term_string}"},"query-input":{"@type":"PropertyValueSpecification","valueRequired":true,"valueName":"search_term_string"}}],"inLanguage":"en-US"}]}},"_links":{"self":[{"href":"https:\/\/kartellsp.com.br\/en\/wp-json\/wp\/v2\/product\/30040","targetHints":{"allow":["GET"]}}],"collection":[{"href":"https:\/\/kartellsp.com.br\/en\/wp-json\/wp\/v2\/product"}],"about":[{"href":"https:\/\/kartellsp.com.br\/en\/wp-json\/wp\/v2\/types\/product"}],"replies":[{"embeddable":true,"href":"https:\/\/kartellsp.com.br\/en\/wp-json\/wp\/v2\/comments?post=30040"}],"version-history":[{"count":1,"href":"https:\/\/kartellsp.com.br\/en\/wp-json\/wp\/v2\/product\/30040\/revisions"}],"predecessor-version":[{"id":36870,"href":"https:\/\/kartellsp.com.br\/en\/wp-json\/wp\/v2\/product\/30040\/revisions\/36870"}],"wp:featuredmedia":[{"embeddable":true,"href":"https:\/\/kartellsp.com.br\/en\/wp-json\/wp\/v2\/media\/23596"}],"wp:attachment":[{"href":"https:\/\/kartellsp.com.br\/en\/wp-json\/wp\/v2\/media?parent=30040"}],"wp:term":[{"taxonomy":"product_brand","embeddable":true,"href":"https:\/\/kartellsp.com.br\/en\/wp-json\/wp\/v2\/product_brand?post=30040"},{"taxonomy":"product_cat","embeddable":true,"href":"https:\/\/kartellsp.com.br\/en\/wp-json\/wp\/v2\/product_cat?post=30040"},{"taxonomy":"product_tag","embeddable":true,"href":"https:\/\/kartellsp.com.br\/en\/wp-json\/wp\/v2\/product_tag?post=30040"}],"curies":[{"name":"wp","href":"https:\/\/api.w.org\/{rel}","templated":true}]}}

<p>A.I. LOUNGE é a nova poltrona da família A.I. que combina materiais sustentáveis e conforto com um design gráfico que olha para o futuro e para o bem-estar em nossos espaços de convívio. Uma poltrona para a sala de estar na qual os contornos, um traço distintivo da coleção, se combinam com o máximo conforto de assento. Disponível em branco, preto, laranja e cinza e em versões com e sem almofada, para uso interno e externo.</p>

<p>A.I. LOUNGE é a nova poltrona da família A.I. que combina materiais sustentáveis e conforto com um design gráfico que olha para o futuro e para o bem-estar em nossos espaços de con</p>

<!-- This site is optimized with the Yoast SEO plugin v28.3 - https://yoast.com/product/yoast-seo-wordpress/ -->
<title>A.i. lounge externo - kartellsp.com.br</title>
<meta name="robots" content="index, follow, max-snippet:-1, max-image-preview:large, max-video-preview:-1" />
<link rel="canonical" href="https://kartellsp.com.br/en/shop/armchairs/a-i-lounge-outdoor/" />
<meta property="og:locale" content="en_US" />
<meta property="og:type" content="article" />
<meta property="og:title" content="A.i. lounge externo - kartellsp.com.br" />
<meta property="og:description" content="A.I. LOUNGE é a nova poltrona da família A.I. que combina materiais sustentáveis e conforto com um design gráfico que olha para o futuro e para o bem-estar em nossos espaços de con" />
<meta property="og:url" content="https://kartellsp.com.br/en/shop/armchairs/a-i-lounge-outdoor/" />
<meta property="og:site_name" content="kartellsp.com.br" />
<meta property="article:modified_time" content="2026-08-31T18:55:43+00:00" />
<meta property="og:image" content="https://kartellsp.com.br/wp-content/uploads/2026/08/KAR05904OB.webp" />
	<meta property="og:image:width" content="940" />
	<meta property="og:image:height" content="1197" />
	<meta property="og:image:type" content="image/webp" />
<meta name="twitter:card" content="summary_large_image" />
<script type="application/ld+json" class="yoast-schema-graph">{"@context":"https:\/\/schema.org","@graph":[{"@type":"WebPage","@id":"https:\/\/kartellsp.com.br\/shop\/armchairs\/a-i-lounge-outdoor\/","url":"https:\/\/kartellsp.com.br\/shop\/armchairs\/a-i-lounge-outdoor\/","name":"A.i. lounge externo - kartellsp.com.br","isPartOf":{"@id":"https:\/\/kartellsp.com.br\/#website"},"primaryImageOfPage":{"@id":"https:\/\/kartellsp.com.br\/shop\/armchairs\/a-i-lounge-outdoor\/#primaryimage"},"image":{"@id":"https:\/\/kartellsp.com.br\/shop\/armchairs\/a-i-lounge-outdoor\/#primaryimage"},"thumbnailUrl":"https:\/\/kartellsp.com.br\/wp-content\/uploads\/2026\/08\/KAR05904OB.webp","datePublished":"2026-08-26T13:27:28+00:00","dateModified":"2026-08-31T18:55:43+00:00","breadcrumb":{"@id":"https:\/\/kartellsp.com.br\/shop\/armchairs\/a-i-lounge-outdoor\/#breadcrumb"},"inLanguage":"en-US","potentialAction":[{"@type":"ReadAction","target":["https:\/\/kartellsp.com.br\/shop\/armchairs\/a-i-lounge-outdoor\/"]}]},{"@type":"ImageObject","inLanguage":"en-US","@id":"https:\/\/kartellsp.com.br\/shop\/armchairs\/a-i-lounge-outdoor\/#primaryimage","url":"https:\/\/kartellsp.com.br\/wp-content\/uploads\/2026\/08\/KAR05904OB.webp","contentUrl":"https:\/\/kartellsp.com.br\/wp-content\/uploads\/2026\/08\/KAR05904OB.webp","width":940,"height":1197},{"@type":"BreadcrumbList","@id":"https:\/\/kartellsp.com.br\/shop\/armchairs\/a-i-lounge-outdoor\/#breadcrumb","itemListElement":[{"@type":"ListItem","position":1,"name":"Home","item":"https:\/\/kartellsp.com.br\/"},{"@type":"ListItem","position":2,"name":"Shop","item":"https:\/\/kartellsp.com.br\/shop\/"},{"@type":"ListItem","position":3,"name":"A.i. lounge externo"}]},{"@type":"WebSite","@id":"https:\/\/kartellsp.com.br\/#website","url":"https:\/\/kartellsp.com.br\/","name":"kartellsp.com.br","description":"kartellsp.com.br","potentialAction":[{"@type":"SearchAction","target":{"@type":"EntryPoint","urlTemplate":"https:\/\/kartellsp.com.br\/?s={search_term_string}"},"query-input":{"@type":"PropertyValueSpecification","valueRequired":true,"valueName":"search_term_string"}}],"inLanguage":"en-US"}]}</script>
<!-- / Yoast SEO plugin. -->

A.I. LOUNGE é a nova poltrona da família A.I. que combina materiais sustentáveis e conforto com um design gráfico que olha para o futuro e para o bem-estar em nossos espaços de con
