{"id":29638,"date":"2026-08-26T13:22:06","date_gmt":"2026-08-26T13:22:06","guid":{"rendered":"https:\/\/kartellsp.com.br\/?post_type=product&#038;p=29638"},"modified":"2026-09-03T16:54:21","modified_gmt":"2026-09-03T16:54:21","slug":"optic-con-anta","status":"publish","type":"product","link":"https:\/\/kartellsp.com.br\/pt\/shop\/outros-moveis-de-armazenamento\/optic-con-anta\/","title":{"rendered":"Optic con anta"},"content":{"rendered":"<p>A Optic \u00e9 um cubo cont\u00eainer dispon\u00edvel em duas vers\u00f5es: fechada com porta ou com um lado aberto. Sua superf\u00edcie \u00e9 decorada de forma marcante com pir\u00e2mides transparentes ou espelhadas de base quadrada, em leve relevo, que criam um forte impacto visual. A Optic mede<\/p>\n","protected":false},"excerpt":{"rendered":"<p>A Optic \u00e9 um cubo cont\u00eainer dispon\u00edvel em duas vers\u00f5es: fechada com porta ou com um lado aberto. Sua superf\u00edcie \u00e9 decorada de forma marcante com pir\u00e2mides transparentes ou espelhad<\/p>\n","protected":false},"featured_media":26386,"comment_status":"open","ping_status":"closed","template":"","meta":[],"product_brand":[],"product_cat":[1746],"product_tag":[566,584],"class_list":["post-29638","product","type-product","status-publish","has-post-thumbnail","product_cat-outros-moveis-de-armazenamento","product_tag-outdoor","product_tag-patrick-jouin","pa_color-ambar","pa_color-cristal","pa_color-fume","first","instock","shipping-taxable","purchasable","product-type-variable","has-default-attributes"],"yoast_head":"<!-- This site is optimized with the Yoast SEO plugin v28.4 - https:\/\/yoast.com\/product\/yoast-seo-wordpress\/ -->\n<title>Optic con anta - kartellsp.com.br<\/title>\n<meta name=\"robots\" content=\"index, follow, max-snippet:-1, max-image-preview:large, max-video-preview:-1\" \/>\n<link rel=\"canonical\" href=\"https:\/\/kartellsp.com.br\/pt\/shop\/others-storage-forniture\/optic-con-anta\/\" \/>\n<meta property=\"og:locale\" content=\"pt_BR\" \/>\n<meta property=\"og:type\" content=\"article\" \/>\n<meta property=\"og:title\" content=\"Optic con anta - kartellsp.com.br\" \/>\n<meta property=\"og:description\" content=\"A Optic \u00e9 um cubo cont\u00eainer dispon\u00edvel em duas vers\u00f5es: fechada com porta ou com um lado aberto. Sua superf\u00edcie \u00e9 decorada de forma marcante com pir\u00e2mides transparentes ou espelhad\" \/>\n<meta property=\"og:url\" content=\"https:\/\/kartellsp.com.br\/pt\/shop\/others-storage-forniture\/optic-con-anta\/\" \/>\n<meta property=\"og:site_name\" content=\"kartellsp.com.br\" \/>\n<meta property=\"article:modified_time\" content=\"2026-09-03T16:54:21+00:00\" \/>\n<meta property=\"og:image\" content=\"https:\/\/kartellsp.com.br\/wp-content\/uploads\/2026\/08\/KAR03510AM.webp\" \/>\n\t<meta property=\"og:image:width\" content=\"940\" \/>\n\t<meta property=\"og:image:height\" content=\"1197\" \/>\n\t<meta property=\"og:image:type\" content=\"image\/webp\" \/>\n<meta name=\"twitter:card\" content=\"summary_large_image\" \/>\n<script type=\"application\/ld+json\" class=\"yoast-schema-graph\">{\"@context\":\"https:\\\/\\\/schema.org\",\"@graph\":[{\"@type\":\"WebPage\",\"@id\":\"https:\\\/\\\/kartellsp.com.br\\\/shop\\\/others-storage-forniture\\\/optic-con-anta\\\/\",\"url\":\"https:\\\/\\\/kartellsp.com.br\\\/shop\\\/others-storage-forniture\\\/optic-con-anta\\\/\",\"name\":\"Optic con anta - kartellsp.com.br\",\"isPartOf\":{\"@id\":\"https:\\\/\\\/kartellsp.com.br\\\/#website\"},\"primaryImageOfPage\":{\"@id\":\"https:\\\/\\\/kartellsp.com.br\\\/shop\\\/others-storage-forniture\\\/optic-con-anta\\\/#primaryimage\"},\"image\":{\"@id\":\"https:\\\/\\\/kartellsp.com.br\\\/shop\\\/others-storage-forniture\\\/optic-con-anta\\\/#primaryimage\"},\"thumbnailUrl\":\"https:\\\/\\\/kartellsp.com.br\\\/wp-content\\\/uploads\\\/2026\\\/08\\\/KAR03510AM.webp\",\"datePublished\":\"2026-08-26T13:22:06+00:00\",\"dateModified\":\"2026-09-03T16:54:21+00:00\",\"breadcrumb\":{\"@id\":\"https:\\\/\\\/kartellsp.com.br\\\/shop\\\/others-storage-forniture\\\/optic-con-anta\\\/#breadcrumb\"},\"inLanguage\":\"pt-BR\",\"potentialAction\":[{\"@type\":\"ReadAction\",\"target\":[\"https:\\\/\\\/kartellsp.com.br\\\/shop\\\/others-storage-forniture\\\/optic-con-anta\\\/\"]}]},{\"@type\":\"ImageObject\",\"inLanguage\":\"pt-BR\",\"@id\":\"https:\\\/\\\/kartellsp.com.br\\\/shop\\\/others-storage-forniture\\\/optic-con-anta\\\/#primaryimage\",\"url\":\"https:\\\/\\\/kartellsp.com.br\\\/wp-content\\\/uploads\\\/2026\\\/08\\\/KAR03510AM.webp\",\"contentUrl\":\"https:\\\/\\\/kartellsp.com.br\\\/wp-content\\\/uploads\\\/2026\\\/08\\\/KAR03510AM.webp\",\"width\":940,\"height\":1197},{\"@type\":\"BreadcrumbList\",\"@id\":\"https:\\\/\\\/kartellsp.com.br\\\/shop\\\/others-storage-forniture\\\/optic-con-anta\\\/#breadcrumb\",\"itemListElement\":[{\"@type\":\"ListItem\",\"position\":1,\"name\":\"Home\",\"item\":\"https:\\\/\\\/kartellsp.com.br\\\/\"},{\"@type\":\"ListItem\",\"position\":2,\"name\":\"Shop\",\"item\":\"https:\\\/\\\/kartellsp.com.br\\\/shop\\\/\"},{\"@type\":\"ListItem\",\"position\":3,\"name\":\"Optic con anta\"}]},{\"@type\":\"WebSite\",\"@id\":\"https:\\\/\\\/kartellsp.com.br\\\/#website\",\"url\":\"https:\\\/\\\/kartellsp.com.br\\\/\",\"name\":\"kartellsp.com.br\",\"description\":\"kartellsp.com.br\",\"potentialAction\":[{\"@type\":\"SearchAction\",\"target\":{\"@type\":\"EntryPoint\",\"urlTemplate\":\"https:\\\/\\\/kartellsp.com.br\\\/?s={search_term_string}\"},\"query-input\":{\"@type\":\"PropertyValueSpecification\",\"valueRequired\":true,\"valueName\":\"search_term_string\"}}],\"inLanguage\":\"pt-BR\"}]}<\/script>\n<!-- \/ Yoast SEO plugin. -->","yoast_head_json":{"title":"Optic con anta - kartellsp.com.br","robots":{"index":"index","follow":"follow","max-snippet":"max-snippet:-1","max-image-preview":"max-image-preview:large","max-video-preview":"max-video-preview:-1"},"canonical":"https:\/\/kartellsp.com.br\/pt\/shop\/others-storage-forniture\/optic-con-anta\/","og_locale":"pt_BR","og_type":"article","og_title":"Optic con anta - kartellsp.com.br","og_description":"A Optic \u00e9 um cubo cont\u00eainer dispon\u00edvel em duas vers\u00f5es: fechada com porta ou com um lado aberto. Sua superf\u00edcie \u00e9 decorada de forma marcante com pir\u00e2mides transparentes ou espelhad","og_url":"https:\/\/kartellsp.com.br\/pt\/shop\/others-storage-forniture\/optic-con-anta\/","og_site_name":"kartellsp.com.br","article_modified_time":"2026-09-03T16:54:21+00:00","og_image":[{"width":940,"height":1197,"url":"https:\/\/kartellsp.com.br\/wp-content\/uploads\/2026\/08\/KAR03510AM.webp","type":"image\/webp"}],"twitter_card":"summary_large_image","schema":{"@context":"https:\/\/schema.org","@graph":[{"@type":"WebPage","@id":"https:\/\/kartellsp.com.br\/shop\/others-storage-forniture\/optic-con-anta\/","url":"https:\/\/kartellsp.com.br\/shop\/others-storage-forniture\/optic-con-anta\/","name":"Optic con anta - kartellsp.com.br","isPartOf":{"@id":"https:\/\/kartellsp.com.br\/#website"},"primaryImageOfPage":{"@id":"https:\/\/kartellsp.com.br\/shop\/others-storage-forniture\/optic-con-anta\/#primaryimage"},"image":{"@id":"https:\/\/kartellsp.com.br\/shop\/others-storage-forniture\/optic-con-anta\/#primaryimage"},"thumbnailUrl":"https:\/\/kartellsp.com.br\/wp-content\/uploads\/2026\/08\/KAR03510AM.webp","datePublished":"2026-08-26T13:22:06+00:00","dateModified":"2026-09-03T16:54:21+00:00","breadcrumb":{"@id":"https:\/\/kartellsp.com.br\/shop\/others-storage-forniture\/optic-con-anta\/#breadcrumb"},"inLanguage":"pt-BR","potentialAction":[{"@type":"ReadAction","target":["https:\/\/kartellsp.com.br\/shop\/others-storage-forniture\/optic-con-anta\/"]}]},{"@type":"ImageObject","inLanguage":"pt-BR","@id":"https:\/\/kartellsp.com.br\/shop\/others-storage-forniture\/optic-con-anta\/#primaryimage","url":"https:\/\/kartellsp.com.br\/wp-content\/uploads\/2026\/08\/KAR03510AM.webp","contentUrl":"https:\/\/kartellsp.com.br\/wp-content\/uploads\/2026\/08\/KAR03510AM.webp","width":940,"height":1197},{"@type":"BreadcrumbList","@id":"https:\/\/kartellsp.com.br\/shop\/others-storage-forniture\/optic-con-anta\/#breadcrumb","itemListElement":[{"@type":"ListItem","position":1,"name":"Home","item":"https:\/\/kartellsp.com.br\/"},{"@type":"ListItem","position":2,"name":"Shop","item":"https:\/\/kartellsp.com.br\/shop\/"},{"@type":"ListItem","position":3,"name":"Optic con anta"}]},{"@type":"WebSite","@id":"https:\/\/kartellsp.com.br\/#website","url":"https:\/\/kartellsp.com.br\/","name":"kartellsp.com.br","description":"kartellsp.com.br","potentialAction":[{"@type":"SearchAction","target":{"@type":"EntryPoint","urlTemplate":"https:\/\/kartellsp.com.br\/?s={search_term_string}"},"query-input":{"@type":"PropertyValueSpecification","valueRequired":true,"valueName":"search_term_string"}}],"inLanguage":"pt-BR"}]}},"_links":{"self":[{"href":"https:\/\/kartellsp.com.br\/pt\/wp-json\/wp\/v2\/product\/29638","targetHints":{"allow":["GET"]}}],"collection":[{"href":"https:\/\/kartellsp.com.br\/pt\/wp-json\/wp\/v2\/product"}],"about":[{"href":"https:\/\/kartellsp.com.br\/pt\/wp-json\/wp\/v2\/types\/product"}],"replies":[{"embeddable":true,"href":"https:\/\/kartellsp.com.br\/pt\/wp-json\/wp\/v2\/comments?post=29638"}],"version-history":[{"count":1,"href":"https:\/\/kartellsp.com.br\/pt\/wp-json\/wp\/v2\/product\/29638\/revisions"}],"predecessor-version":[{"id":37019,"href":"https:\/\/kartellsp.com.br\/pt\/wp-json\/wp\/v2\/product\/29638\/revisions\/37019"}],"wp:featuredmedia":[{"embeddable":true,"href":"https:\/\/kartellsp.com.br\/pt\/wp-json\/wp\/v2\/media\/26386"}],"wp:attachment":[{"href":"https:\/\/kartellsp.com.br\/pt\/wp-json\/wp\/v2\/media?parent=29638"}],"wp:term":[{"taxonomy":"product_brand","embeddable":true,"href":"https:\/\/kartellsp.com.br\/pt\/wp-json\/wp\/v2\/product_brand?post=29638"},{"taxonomy":"product_cat","embeddable":true,"href":"https:\/\/kartellsp.com.br\/pt\/wp-json\/wp\/v2\/product_cat?post=29638"},{"taxonomy":"product_tag","embeddable":true,"href":"https:\/\/kartellsp.com.br\/pt\/wp-json\/wp\/v2\/product_tag?post=29638"}],"curies":[{"name":"wp","href":"https:\/\/api.w.org\/{rel}","templated":true}]}}

<p>A Optic é um cubo contêiner disponível em duas versões: fechada com porta ou com um lado aberto. Sua superfície é decorada de forma marcante com pirâmides transparentes ou espelhadas de base quadrada, em leve relevo, que criam um forte impacto visual. A Optic mede</p>

<p>A Optic é um cubo contêiner disponível em duas versões: fechada com porta ou com um lado aberto. Sua superfície é decorada de forma marcante com pirâmides transparentes ou espelhad</p>

<!-- This site is optimized with the Yoast SEO plugin v28.4 - https://yoast.com/product/yoast-seo-wordpress/ -->
<title>Optic con anta - kartellsp.com.br</title>
<meta name="robots" content="index, follow, max-snippet:-1, max-image-preview:large, max-video-preview:-1" />
<link rel="canonical" href="https://kartellsp.com.br/pt/shop/others-storage-forniture/optic-con-anta/" />
<meta property="og:locale" content="pt_BR" />
<meta property="og:type" content="article" />
<meta property="og:title" content="Optic con anta - kartellsp.com.br" />
<meta property="og:description" content="A Optic é um cubo contêiner disponível em duas versões: fechada com porta ou com um lado aberto. Sua superfície é decorada de forma marcante com pirâmides transparentes ou espelhad" />
<meta property="og:url" content="https://kartellsp.com.br/pt/shop/others-storage-forniture/optic-con-anta/" />
<meta property="og:site_name" content="kartellsp.com.br" />
<meta property="article:modified_time" content="2026-09-03T16:54:21+00:00" />
<meta property="og:image" content="https://kartellsp.com.br/wp-content/uploads/2026/08/KAR03510AM.webp" />
	<meta property="og:image:width" content="940" />
	<meta property="og:image:height" content="1197" />
	<meta property="og:image:type" content="image/webp" />
<meta name="twitter:card" content="summary_large_image" />
<script type="application/ld+json" class="yoast-schema-graph">{"@context":"https:\/\/schema.org","@graph":[{"@type":"WebPage","@id":"https:\/\/kartellsp.com.br\/shop\/others-storage-forniture\/optic-con-anta\/","url":"https:\/\/kartellsp.com.br\/shop\/others-storage-forniture\/optic-con-anta\/","name":"Optic con anta - kartellsp.com.br","isPartOf":{"@id":"https:\/\/kartellsp.com.br\/#website"},"primaryImageOfPage":{"@id":"https:\/\/kartellsp.com.br\/shop\/others-storage-forniture\/optic-con-anta\/#primaryimage"},"image":{"@id":"https:\/\/kartellsp.com.br\/shop\/others-storage-forniture\/optic-con-anta\/#primaryimage"},"thumbnailUrl":"https:\/\/kartellsp.com.br\/wp-content\/uploads\/2026\/08\/KAR03510AM.webp","datePublished":"2026-08-26T13:22:06+00:00","dateModified":"2026-09-03T16:54:21+00:00","breadcrumb":{"@id":"https:\/\/kartellsp.com.br\/shop\/others-storage-forniture\/optic-con-anta\/#breadcrumb"},"inLanguage":"pt-BR","potentialAction":[{"@type":"ReadAction","target":["https:\/\/kartellsp.com.br\/shop\/others-storage-forniture\/optic-con-anta\/"]}]},{"@type":"ImageObject","inLanguage":"pt-BR","@id":"https:\/\/kartellsp.com.br\/shop\/others-storage-forniture\/optic-con-anta\/#primaryimage","url":"https:\/\/kartellsp.com.br\/wp-content\/uploads\/2026\/08\/KAR03510AM.webp","contentUrl":"https:\/\/kartellsp.com.br\/wp-content\/uploads\/2026\/08\/KAR03510AM.webp","width":940,"height":1197},{"@type":"BreadcrumbList","@id":"https:\/\/kartellsp.com.br\/shop\/others-storage-forniture\/optic-con-anta\/#breadcrumb","itemListElement":[{"@type":"ListItem","position":1,"name":"Home","item":"https:\/\/kartellsp.com.br\/"},{"@type":"ListItem","position":2,"name":"Shop","item":"https:\/\/kartellsp.com.br\/shop\/"},{"@type":"ListItem","position":3,"name":"Optic con anta"}]},{"@type":"WebSite","@id":"https:\/\/kartellsp.com.br\/#website","url":"https:\/\/kartellsp.com.br\/","name":"kartellsp.com.br","description":"kartellsp.com.br","potentialAction":[{"@type":"SearchAction","target":{"@type":"EntryPoint","urlTemplate":"https:\/\/kartellsp.com.br\/?s={search_term_string}"},"query-input":{"@type":"PropertyValueSpecification","valueRequired":true,"valueName":"search_term_string"}}],"inLanguage":"pt-BR"}]}</script>
<!-- / Yoast SEO plugin. -->

A Optic é um cubo contêiner disponível em duas versões: fechada com porta ou com um lado aberto. Sua superfície é decorada de forma marcante com pirâmides transparentes ou espelhad
