{"id":29820,"date":"2026-08-26T13:22:20","date_gmt":"2026-08-26T13:22:20","guid":{"rendered":"https:\/\/kartellsp.com.br\/?post_type=product&#038;p=29820"},"modified":"2026-09-03T16:54:58","modified_gmt":"2026-09-03T16:54:58","slug":"umbrella-stand","status":"publish","type":"product","link":"https:\/\/kartellsp.com.br\/pt\/shop\/porta-guarda-chuvas\/umbrella-stand\/","title":{"rendered":"Porta-guarda-chuvas"},"content":{"rendered":"<p>Um cl\u00e1ssico dos anos 1960 assinado pela Kartell, o porta-guarda-chuvas multifuncional e indestrut\u00edvel \u00e9 um recipiente cil\u00edndrico moldado por inje\u00e7\u00e3o, dispon\u00edvel em uma variedade de cores. Com duas aberturas laterais, tamb\u00e9m pode ser usado como lixeira. Hoje, este produto \u00e9 feito com um material derivado de res\u00edduo industrial reciclado e com acabamento soft touch.<\/p>\n","protected":false},"excerpt":{"rendered":"<p>Um cl\u00e1ssico dos anos 1960 assinado pela Kartell, o porta-guarda-chuvas multifuncional e indestrut\u00edvel \u00e9 um recipiente cil\u00edndrico moldado por inje\u00e7\u00e3o, dispon\u00edvel em uma variedade de<\/p>\n","protected":false},"featured_media":26842,"comment_status":"open","ping_status":"closed","template":"","meta":[],"product_brand":[],"product_cat":[1755],"product_tag":[565,677,566,568],"class_list":["post-29820","product","type-product","status-publish","has-post-thumbnail","product_cat-porta-guarda-chuvas","product_tag-conscious-material","product_tag-gino-colombini","product_tag-outdoor","product_tag-recycled-material","pa_color-azul","pa_color-bordo","pa_color-branco","pa_color-marrom","pa_color-prata","pa_color-preto","pa_color-taupe","pa_color-verde","first","instock","shipping-taxable","purchasable","product-type-variable","has-default-attributes"],"yoast_head":"<!-- This site is optimized with the Yoast SEO plugin v28.4 - https:\/\/yoast.com\/product\/yoast-seo-wordpress\/ -->\n<title>Porta-guarda-chuvas - kartellsp.com.br<\/title>\n<meta name=\"robots\" content=\"index, follow, max-snippet:-1, max-image-preview:large, max-video-preview:-1\" \/>\n<link rel=\"canonical\" href=\"https:\/\/kartellsp.com.br\/pt\/shop\/umbrella-stands\/umbrella-stand\/\" \/>\n<meta property=\"og:locale\" content=\"pt_BR\" \/>\n<meta property=\"og:type\" content=\"article\" \/>\n<meta property=\"og:title\" content=\"Porta-guarda-chuvas - kartellsp.com.br\" \/>\n<meta property=\"og:description\" content=\"Um cl\u00e1ssico dos anos 1960 assinado pela Kartell, o porta-guarda-chuvas multifuncional e indestrut\u00edvel \u00e9 um recipiente cil\u00edndrico moldado por inje\u00e7\u00e3o, dispon\u00edvel em uma variedade de\" \/>\n<meta property=\"og:url\" content=\"https:\/\/kartellsp.com.br\/pt\/shop\/umbrella-stands\/umbrella-stand\/\" \/>\n<meta property=\"og:site_name\" content=\"kartellsp.com.br\" \/>\n<meta property=\"article:modified_time\" content=\"2026-09-03T16:54:58+00:00\" \/>\n<meta property=\"og:image\" content=\"https:\/\/kartellsp.com.br\/wp-content\/uploads\/2026\/08\/KAR0761003.webp\" \/>\n\t<meta property=\"og:image:width\" content=\"940\" \/>\n\t<meta property=\"og:image:height\" content=\"1197\" \/>\n\t<meta property=\"og:image:type\" content=\"image\/webp\" \/>\n<meta name=\"twitter:card\" content=\"summary_large_image\" \/>\n<script type=\"application\/ld+json\" class=\"yoast-schema-graph\">{\"@context\":\"https:\\\/\\\/schema.org\",\"@graph\":[{\"@type\":\"WebPage\",\"@id\":\"https:\\\/\\\/kartellsp.com.br\\\/shop\\\/umbrella-stands\\\/umbrella-stand\\\/\",\"url\":\"https:\\\/\\\/kartellsp.com.br\\\/shop\\\/umbrella-stands\\\/umbrella-stand\\\/\",\"name\":\"Porta-guarda-chuvas - kartellsp.com.br\",\"isPartOf\":{\"@id\":\"https:\\\/\\\/kartellsp.com.br\\\/#website\"},\"primaryImageOfPage\":{\"@id\":\"https:\\\/\\\/kartellsp.com.br\\\/shop\\\/umbrella-stands\\\/umbrella-stand\\\/#primaryimage\"},\"image\":{\"@id\":\"https:\\\/\\\/kartellsp.com.br\\\/shop\\\/umbrella-stands\\\/umbrella-stand\\\/#primaryimage\"},\"thumbnailUrl\":\"https:\\\/\\\/kartellsp.com.br\\\/wp-content\\\/uploads\\\/2026\\\/08\\\/KAR0761003.webp\",\"datePublished\":\"2026-08-26T13:22:20+00:00\",\"dateModified\":\"2026-09-03T16:54:58+00:00\",\"breadcrumb\":{\"@id\":\"https:\\\/\\\/kartellsp.com.br\\\/shop\\\/umbrella-stands\\\/umbrella-stand\\\/#breadcrumb\"},\"inLanguage\":\"pt-BR\",\"potentialAction\":[{\"@type\":\"ReadAction\",\"target\":[\"https:\\\/\\\/kartellsp.com.br\\\/shop\\\/umbrella-stands\\\/umbrella-stand\\\/\"]}]},{\"@type\":\"ImageObject\",\"inLanguage\":\"pt-BR\",\"@id\":\"https:\\\/\\\/kartellsp.com.br\\\/shop\\\/umbrella-stands\\\/umbrella-stand\\\/#primaryimage\",\"url\":\"https:\\\/\\\/kartellsp.com.br\\\/wp-content\\\/uploads\\\/2026\\\/08\\\/KAR0761003.webp\",\"contentUrl\":\"https:\\\/\\\/kartellsp.com.br\\\/wp-content\\\/uploads\\\/2026\\\/08\\\/KAR0761003.webp\",\"width\":940,\"height\":1197},{\"@type\":\"BreadcrumbList\",\"@id\":\"https:\\\/\\\/kartellsp.com.br\\\/shop\\\/umbrella-stands\\\/umbrella-stand\\\/#breadcrumb\",\"itemListElement\":[{\"@type\":\"ListItem\",\"position\":1,\"name\":\"Home\",\"item\":\"https:\\\/\\\/kartellsp.com.br\\\/\"},{\"@type\":\"ListItem\",\"position\":2,\"name\":\"Shop\",\"item\":\"https:\\\/\\\/kartellsp.com.br\\\/shop\\\/\"},{\"@type\":\"ListItem\",\"position\":3,\"name\":\"Porta-guarda-chuvas\"}]},{\"@type\":\"WebSite\",\"@id\":\"https:\\\/\\\/kartellsp.com.br\\\/#website\",\"url\":\"https:\\\/\\\/kartellsp.com.br\\\/\",\"name\":\"kartellsp.com.br\",\"description\":\"kartellsp.com.br\",\"potentialAction\":[{\"@type\":\"SearchAction\",\"target\":{\"@type\":\"EntryPoint\",\"urlTemplate\":\"https:\\\/\\\/kartellsp.com.br\\\/?s={search_term_string}\"},\"query-input\":{\"@type\":\"PropertyValueSpecification\",\"valueRequired\":true,\"valueName\":\"search_term_string\"}}],\"inLanguage\":\"pt-BR\"}]}<\/script>\n<!-- \/ Yoast SEO plugin. -->","yoast_head_json":{"title":"Porta-guarda-chuvas - kartellsp.com.br","robots":{"index":"index","follow":"follow","max-snippet":"max-snippet:-1","max-image-preview":"max-image-preview:large","max-video-preview":"max-video-preview:-1"},"canonical":"https:\/\/kartellsp.com.br\/pt\/shop\/umbrella-stands\/umbrella-stand\/","og_locale":"pt_BR","og_type":"article","og_title":"Porta-guarda-chuvas - kartellsp.com.br","og_description":"Um cl\u00e1ssico dos anos 1960 assinado pela Kartell, o porta-guarda-chuvas multifuncional e indestrut\u00edvel \u00e9 um recipiente cil\u00edndrico moldado por inje\u00e7\u00e3o, dispon\u00edvel em uma variedade de","og_url":"https:\/\/kartellsp.com.br\/pt\/shop\/umbrella-stands\/umbrella-stand\/","og_site_name":"kartellsp.com.br","article_modified_time":"2026-09-03T16:54:58+00:00","og_image":[{"width":940,"height":1197,"url":"https:\/\/kartellsp.com.br\/wp-content\/uploads\/2026\/08\/KAR0761003.webp","type":"image\/webp"}],"twitter_card":"summary_large_image","schema":{"@context":"https:\/\/schema.org","@graph":[{"@type":"WebPage","@id":"https:\/\/kartellsp.com.br\/shop\/umbrella-stands\/umbrella-stand\/","url":"https:\/\/kartellsp.com.br\/shop\/umbrella-stands\/umbrella-stand\/","name":"Porta-guarda-chuvas - kartellsp.com.br","isPartOf":{"@id":"https:\/\/kartellsp.com.br\/#website"},"primaryImageOfPage":{"@id":"https:\/\/kartellsp.com.br\/shop\/umbrella-stands\/umbrella-stand\/#primaryimage"},"image":{"@id":"https:\/\/kartellsp.com.br\/shop\/umbrella-stands\/umbrella-stand\/#primaryimage"},"thumbnailUrl":"https:\/\/kartellsp.com.br\/wp-content\/uploads\/2026\/08\/KAR0761003.webp","datePublished":"2026-08-26T13:22:20+00:00","dateModified":"2026-09-03T16:54:58+00:00","breadcrumb":{"@id":"https:\/\/kartellsp.com.br\/shop\/umbrella-stands\/umbrella-stand\/#breadcrumb"},"inLanguage":"pt-BR","potentialAction":[{"@type":"ReadAction","target":["https:\/\/kartellsp.com.br\/shop\/umbrella-stands\/umbrella-stand\/"]}]},{"@type":"ImageObject","inLanguage":"pt-BR","@id":"https:\/\/kartellsp.com.br\/shop\/umbrella-stands\/umbrella-stand\/#primaryimage","url":"https:\/\/kartellsp.com.br\/wp-content\/uploads\/2026\/08\/KAR0761003.webp","contentUrl":"https:\/\/kartellsp.com.br\/wp-content\/uploads\/2026\/08\/KAR0761003.webp","width":940,"height":1197},{"@type":"BreadcrumbList","@id":"https:\/\/kartellsp.com.br\/shop\/umbrella-stands\/umbrella-stand\/#breadcrumb","itemListElement":[{"@type":"ListItem","position":1,"name":"Home","item":"https:\/\/kartellsp.com.br\/"},{"@type":"ListItem","position":2,"name":"Shop","item":"https:\/\/kartellsp.com.br\/shop\/"},{"@type":"ListItem","position":3,"name":"Porta-guarda-chuvas"}]},{"@type":"WebSite","@id":"https:\/\/kartellsp.com.br\/#website","url":"https:\/\/kartellsp.com.br\/","name":"kartellsp.com.br","description":"kartellsp.com.br","potentialAction":[{"@type":"SearchAction","target":{"@type":"EntryPoint","urlTemplate":"https:\/\/kartellsp.com.br\/?s={search_term_string}"},"query-input":{"@type":"PropertyValueSpecification","valueRequired":true,"valueName":"search_term_string"}}],"inLanguage":"pt-BR"}]}},"_links":{"self":[{"href":"https:\/\/kartellsp.com.br\/pt\/wp-json\/wp\/v2\/product\/29820","targetHints":{"allow":["GET"]}}],"collection":[{"href":"https:\/\/kartellsp.com.br\/pt\/wp-json\/wp\/v2\/product"}],"about":[{"href":"https:\/\/kartellsp.com.br\/pt\/wp-json\/wp\/v2\/types\/product"}],"replies":[{"embeddable":true,"href":"https:\/\/kartellsp.com.br\/pt\/wp-json\/wp\/v2\/comments?post=29820"}],"version-history":[{"count":1,"href":"https:\/\/kartellsp.com.br\/pt\/wp-json\/wp\/v2\/product\/29820\/revisions"}],"predecessor-version":[{"id":37063,"href":"https:\/\/kartellsp.com.br\/pt\/wp-json\/wp\/v2\/product\/29820\/revisions\/37063"}],"wp:featuredmedia":[{"embeddable":true,"href":"https:\/\/kartellsp.com.br\/pt\/wp-json\/wp\/v2\/media\/26842"}],"wp:attachment":[{"href":"https:\/\/kartellsp.com.br\/pt\/wp-json\/wp\/v2\/media?parent=29820"}],"wp:term":[{"taxonomy":"product_brand","embeddable":true,"href":"https:\/\/kartellsp.com.br\/pt\/wp-json\/wp\/v2\/product_brand?post=29820"},{"taxonomy":"product_cat","embeddable":true,"href":"https:\/\/kartellsp.com.br\/pt\/wp-json\/wp\/v2\/product_cat?post=29820"},{"taxonomy":"product_tag","embeddable":true,"href":"https:\/\/kartellsp.com.br\/pt\/wp-json\/wp\/v2\/product_tag?post=29820"}],"curies":[{"name":"wp","href":"https:\/\/api.w.org\/{rel}","templated":true}]}}

<p>Um clássico dos anos 1960 assinado pela Kartell, o porta-guarda-chuvas multifuncional e indestrutível é um recipiente cilíndrico moldado por injeção, disponível em uma variedade de cores. Com duas aberturas laterais, também pode ser usado como lixeira. Hoje, este produto é feito com um material derivado de resíduo industrial reciclado e com acabamento soft touch.</p>

<p>Um clássico dos anos 1960 assinado pela Kartell, o porta-guarda-chuvas multifuncional e indestrutível é um recipiente cilíndrico moldado por injeção, disponível em uma variedade de</p>

<!-- This site is optimized with the Yoast SEO plugin v28.4 - https://yoast.com/product/yoast-seo-wordpress/ -->
<title>Porta-guarda-chuvas - kartellsp.com.br</title>
<meta name="robots" content="index, follow, max-snippet:-1, max-image-preview:large, max-video-preview:-1" />
<link rel="canonical" href="https://kartellsp.com.br/pt/shop/umbrella-stands/umbrella-stand/" />
<meta property="og:locale" content="pt_BR" />
<meta property="og:type" content="article" />
<meta property="og:title" content="Porta-guarda-chuvas - kartellsp.com.br" />
<meta property="og:description" content="Um clássico dos anos 1960 assinado pela Kartell, o porta-guarda-chuvas multifuncional e indestrutível é um recipiente cilíndrico moldado por injeção, disponível em uma variedade de" />
<meta property="og:url" content="https://kartellsp.com.br/pt/shop/umbrella-stands/umbrella-stand/" />
<meta property="og:site_name" content="kartellsp.com.br" />
<meta property="article:modified_time" content="2026-09-03T16:54:58+00:00" />
<meta property="og:image" content="https://kartellsp.com.br/wp-content/uploads/2026/08/KAR0761003.webp" />
	<meta property="og:image:width" content="940" />
	<meta property="og:image:height" content="1197" />
	<meta property="og:image:type" content="image/webp" />
<meta name="twitter:card" content="summary_large_image" />
<script type="application/ld+json" class="yoast-schema-graph">{"@context":"https:\/\/schema.org","@graph":[{"@type":"WebPage","@id":"https:\/\/kartellsp.com.br\/shop\/umbrella-stands\/umbrella-stand\/","url":"https:\/\/kartellsp.com.br\/shop\/umbrella-stands\/umbrella-stand\/","name":"Porta-guarda-chuvas - kartellsp.com.br","isPartOf":{"@id":"https:\/\/kartellsp.com.br\/#website"},"primaryImageOfPage":{"@id":"https:\/\/kartellsp.com.br\/shop\/umbrella-stands\/umbrella-stand\/#primaryimage"},"image":{"@id":"https:\/\/kartellsp.com.br\/shop\/umbrella-stands\/umbrella-stand\/#primaryimage"},"thumbnailUrl":"https:\/\/kartellsp.com.br\/wp-content\/uploads\/2026\/08\/KAR0761003.webp","datePublished":"2026-08-26T13:22:20+00:00","dateModified":"2026-09-03T16:54:58+00:00","breadcrumb":{"@id":"https:\/\/kartellsp.com.br\/shop\/umbrella-stands\/umbrella-stand\/#breadcrumb"},"inLanguage":"pt-BR","potentialAction":[{"@type":"ReadAction","target":["https:\/\/kartellsp.com.br\/shop\/umbrella-stands\/umbrella-stand\/"]}]},{"@type":"ImageObject","inLanguage":"pt-BR","@id":"https:\/\/kartellsp.com.br\/shop\/umbrella-stands\/umbrella-stand\/#primaryimage","url":"https:\/\/kartellsp.com.br\/wp-content\/uploads\/2026\/08\/KAR0761003.webp","contentUrl":"https:\/\/kartellsp.com.br\/wp-content\/uploads\/2026\/08\/KAR0761003.webp","width":940,"height":1197},{"@type":"BreadcrumbList","@id":"https:\/\/kartellsp.com.br\/shop\/umbrella-stands\/umbrella-stand\/#breadcrumb","itemListElement":[{"@type":"ListItem","position":1,"name":"Home","item":"https:\/\/kartellsp.com.br\/"},{"@type":"ListItem","position":2,"name":"Shop","item":"https:\/\/kartellsp.com.br\/shop\/"},{"@type":"ListItem","position":3,"name":"Porta-guarda-chuvas"}]},{"@type":"WebSite","@id":"https:\/\/kartellsp.com.br\/#website","url":"https:\/\/kartellsp.com.br\/","name":"kartellsp.com.br","description":"kartellsp.com.br","potentialAction":[{"@type":"SearchAction","target":{"@type":"EntryPoint","urlTemplate":"https:\/\/kartellsp.com.br\/?s={search_term_string}"},"query-input":{"@type":"PropertyValueSpecification","valueRequired":true,"valueName":"search_term_string"}}],"inLanguage":"pt-BR"}]}</script>
<!-- / Yoast SEO plugin. -->

Um clássico dos anos 1960 assinado pela Kartell, o porta-guarda-chuvas multifuncional e indestrutível é um recipiente cilíndrico moldado por injeção, disponível em uma variedade de
