{"id":30365,"date":"2026-08-26T13:27:51","date_gmt":"2026-08-26T13:27:51","guid":{"rendered":"https:\/\/kartellsp.com.br\/?post_type=product&#038;p=30365"},"modified":"2026-09-03T15:56:20","modified_gmt":"2026-09-03T15:56:20","slug":"aledin-dec","status":"publish","type":"product","link":"https:\/\/kartellsp.com.br\/pt\/shop\/luminarias-de-mesa\/aledin-dec\/","title":{"rendered":"Aledin dec"},"content":{"rendered":"<p>Aledin \u00e9 uma lumin\u00e1ria de trabalho em LED dispon\u00edvel em duas vers\u00f5es diferentes, Tec e Dec, cujo elemento distintivo \u00e9 o difusor. A Aledin Tec possui uma cabe\u00e7a plana que projeta um feixe de luz direto e tamb\u00e9m \u00e9 ajust\u00e1vel gra\u00e7as ao movimento do pr\u00f3prio difusor. Essas caracter\u00edsticas a tornam adequada para uso em escrit\u00f3rios, enquanto a Dec, por sua vez, se define pela decora\u00e7\u00e3o facetada de seu difusor em formato c\u00f4nico. Nesse modelo, o feixe luminoso projeta uma luz mais ampla e envolvente, que se presta bem a aplica\u00e7\u00f5es residenciais. Os dois bra\u00e7os articulados em policarbonato, que constituem a estrutura de ambos os modelos, s\u00e3o caracterizados por duas hastes de alum\u00ednio dotadas de fun\u00e7\u00e3o condutora. Classificada como classe 3, esta lumin\u00e1ria apresenta uma luminosidade de alto desempenho na faixa de 600 lm e proporciona uma economia consider\u00e1vel no consumo de energia gra\u00e7as \u00e0s suas l\u00e2mpadas LED de \u00faltima gera\u00e7\u00e3o de 5,6 W.<\/p>\n","protected":false},"excerpt":{"rendered":"<p>Aledin \u00e9 uma lumin\u00e1ria de trabalho em LED dispon\u00edvel em duas vers\u00f5es diferentes, Tec e Dec, cujo elemento distintivo \u00e9 o difusor. A Aledin Tec possui uma cabe\u00e7a plana que projeta u<\/p>\n","protected":false},"featured_media":24525,"comment_status":"open","ping_status":"closed","template":"","meta":[],"product_brand":[],"product_cat":[1708],"product_tag":[422],"class_list":["post-30365","product","type-product","status-publish","has-post-thumbnail","product_cat-luminarias-de-mesa","product_tag-alberto-e-francesco-meda","pa_color-ambar","pa_color-azul","pa_color-cristal","pa_color-fume","pa_color-verde","first","instock","shipping-taxable","purchasable","product-type-variable","has-default-attributes"],"yoast_head":"<!-- This site is optimized with the Yoast SEO plugin v28.4 - https:\/\/yoast.com\/product\/yoast-seo-wordpress\/ -->\n<title>Aledin dec - kartellsp.com.br<\/title>\n<meta name=\"robots\" content=\"index, follow, max-snippet:-1, max-image-preview:large, max-video-preview:-1\" \/>\n<link rel=\"canonical\" href=\"https:\/\/kartellsp.com.br\/pt\/shop\/table-lamps\/aledin-dec\/\" \/>\n<meta property=\"og:locale\" content=\"pt_BR\" \/>\n<meta property=\"og:type\" content=\"article\" \/>\n<meta property=\"og:title\" content=\"Aledin dec - kartellsp.com.br\" \/>\n<meta property=\"og:description\" content=\"Aledin \u00e9 uma lumin\u00e1ria de trabalho em LED dispon\u00edvel em duas vers\u00f5es diferentes, Tec e Dec, cujo elemento distintivo \u00e9 o difusor. A Aledin Tec possui uma cabe\u00e7a plana que projeta u\" \/>\n<meta property=\"og:url\" content=\"https:\/\/kartellsp.com.br\/pt\/shop\/table-lamps\/aledin-dec\/\" \/>\n<meta property=\"og:site_name\" content=\"kartellsp.com.br\" \/>\n<meta property=\"article:modified_time\" content=\"2026-09-03T15:56:20+00:00\" \/>\n<meta property=\"og:image\" content=\"https:\/\/kartellsp.com.br\/wp-content\/uploads\/2026\/08\/KARU9195AM.webp\" \/>\n\t<meta property=\"og:image:width\" content=\"940\" \/>\n\t<meta property=\"og:image:height\" content=\"1197\" \/>\n\t<meta property=\"og:image:type\" content=\"image\/webp\" \/>\n<meta name=\"twitter:card\" content=\"summary_large_image\" \/>\n<meta name=\"twitter:label1\" content=\"Est. tempo de leitura\" \/>\n\t<meta name=\"twitter:data1\" content=\"1 minuto\" \/>\n<script type=\"application\/ld+json\" class=\"yoast-schema-graph\">{\"@context\":\"https:\\\/\\\/schema.org\",\"@graph\":[{\"@type\":\"WebPage\",\"@id\":\"https:\\\/\\\/kartellsp.com.br\\\/shop\\\/table-lamps\\\/aledin-dec\\\/\",\"url\":\"https:\\\/\\\/kartellsp.com.br\\\/shop\\\/table-lamps\\\/aledin-dec\\\/\",\"name\":\"Aledin dec - kartellsp.com.br\",\"isPartOf\":{\"@id\":\"https:\\\/\\\/kartellsp.com.br\\\/#website\"},\"primaryImageOfPage\":{\"@id\":\"https:\\\/\\\/kartellsp.com.br\\\/shop\\\/table-lamps\\\/aledin-dec\\\/#primaryimage\"},\"image\":{\"@id\":\"https:\\\/\\\/kartellsp.com.br\\\/shop\\\/table-lamps\\\/aledin-dec\\\/#primaryimage\"},\"thumbnailUrl\":\"https:\\\/\\\/kartellsp.com.br\\\/wp-content\\\/uploads\\\/2026\\\/08\\\/KARU9195AM.webp\",\"datePublished\":\"2026-08-26T13:27:51+00:00\",\"dateModified\":\"2026-09-03T15:56:20+00:00\",\"breadcrumb\":{\"@id\":\"https:\\\/\\\/kartellsp.com.br\\\/shop\\\/table-lamps\\\/aledin-dec\\\/#breadcrumb\"},\"inLanguage\":\"pt-BR\",\"potentialAction\":[{\"@type\":\"ReadAction\",\"target\":[\"https:\\\/\\\/kartellsp.com.br\\\/shop\\\/table-lamps\\\/aledin-dec\\\/\"]}]},{\"@type\":\"ImageObject\",\"inLanguage\":\"pt-BR\",\"@id\":\"https:\\\/\\\/kartellsp.com.br\\\/shop\\\/table-lamps\\\/aledin-dec\\\/#primaryimage\",\"url\":\"https:\\\/\\\/kartellsp.com.br\\\/wp-content\\\/uploads\\\/2026\\\/08\\\/KARU9195AM.webp\",\"contentUrl\":\"https:\\\/\\\/kartellsp.com.br\\\/wp-content\\\/uploads\\\/2026\\\/08\\\/KARU9195AM.webp\",\"width\":940,\"height\":1197},{\"@type\":\"BreadcrumbList\",\"@id\":\"https:\\\/\\\/kartellsp.com.br\\\/shop\\\/table-lamps\\\/aledin-dec\\\/#breadcrumb\",\"itemListElement\":[{\"@type\":\"ListItem\",\"position\":1,\"name\":\"Home\",\"item\":\"https:\\\/\\\/kartellsp.com.br\\\/\"},{\"@type\":\"ListItem\",\"position\":2,\"name\":\"Shop\",\"item\":\"https:\\\/\\\/kartellsp.com.br\\\/shop\\\/\"},{\"@type\":\"ListItem\",\"position\":3,\"name\":\"Aledin dec\"}]},{\"@type\":\"WebSite\",\"@id\":\"https:\\\/\\\/kartellsp.com.br\\\/#website\",\"url\":\"https:\\\/\\\/kartellsp.com.br\\\/\",\"name\":\"kartellsp.com.br\",\"description\":\"kartellsp.com.br\",\"potentialAction\":[{\"@type\":\"SearchAction\",\"target\":{\"@type\":\"EntryPoint\",\"urlTemplate\":\"https:\\\/\\\/kartellsp.com.br\\\/?s={search_term_string}\"},\"query-input\":{\"@type\":\"PropertyValueSpecification\",\"valueRequired\":true,\"valueName\":\"search_term_string\"}}],\"inLanguage\":\"pt-BR\"}]}<\/script>\n<!-- \/ Yoast SEO plugin. -->","yoast_head_json":{"title":"Aledin dec - kartellsp.com.br","robots":{"index":"index","follow":"follow","max-snippet":"max-snippet:-1","max-image-preview":"max-image-preview:large","max-video-preview":"max-video-preview:-1"},"canonical":"https:\/\/kartellsp.com.br\/pt\/shop\/table-lamps\/aledin-dec\/","og_locale":"pt_BR","og_type":"article","og_title":"Aledin dec - kartellsp.com.br","og_description":"Aledin \u00e9 uma lumin\u00e1ria de trabalho em LED dispon\u00edvel em duas vers\u00f5es diferentes, Tec e Dec, cujo elemento distintivo \u00e9 o difusor. A Aledin Tec possui uma cabe\u00e7a plana que projeta u","og_url":"https:\/\/kartellsp.com.br\/pt\/shop\/table-lamps\/aledin-dec\/","og_site_name":"kartellsp.com.br","article_modified_time":"2026-09-03T15:56:20+00:00","og_image":[{"width":940,"height":1197,"url":"https:\/\/kartellsp.com.br\/wp-content\/uploads\/2026\/08\/KARU9195AM.webp","type":"image\/webp"}],"twitter_card":"summary_large_image","twitter_misc":{"Est. tempo de leitura":"1 minuto"},"schema":{"@context":"https:\/\/schema.org","@graph":[{"@type":"WebPage","@id":"https:\/\/kartellsp.com.br\/shop\/table-lamps\/aledin-dec\/","url":"https:\/\/kartellsp.com.br\/shop\/table-lamps\/aledin-dec\/","name":"Aledin dec - kartellsp.com.br","isPartOf":{"@id":"https:\/\/kartellsp.com.br\/#website"},"primaryImageOfPage":{"@id":"https:\/\/kartellsp.com.br\/shop\/table-lamps\/aledin-dec\/#primaryimage"},"image":{"@id":"https:\/\/kartellsp.com.br\/shop\/table-lamps\/aledin-dec\/#primaryimage"},"thumbnailUrl":"https:\/\/kartellsp.com.br\/wp-content\/uploads\/2026\/08\/KARU9195AM.webp","datePublished":"2026-08-26T13:27:51+00:00","dateModified":"2026-09-03T15:56:20+00:00","breadcrumb":{"@id":"https:\/\/kartellsp.com.br\/shop\/table-lamps\/aledin-dec\/#breadcrumb"},"inLanguage":"pt-BR","potentialAction":[{"@type":"ReadAction","target":["https:\/\/kartellsp.com.br\/shop\/table-lamps\/aledin-dec\/"]}]},{"@type":"ImageObject","inLanguage":"pt-BR","@id":"https:\/\/kartellsp.com.br\/shop\/table-lamps\/aledin-dec\/#primaryimage","url":"https:\/\/kartellsp.com.br\/wp-content\/uploads\/2026\/08\/KARU9195AM.webp","contentUrl":"https:\/\/kartellsp.com.br\/wp-content\/uploads\/2026\/08\/KARU9195AM.webp","width":940,"height":1197},{"@type":"BreadcrumbList","@id":"https:\/\/kartellsp.com.br\/shop\/table-lamps\/aledin-dec\/#breadcrumb","itemListElement":[{"@type":"ListItem","position":1,"name":"Home","item":"https:\/\/kartellsp.com.br\/"},{"@type":"ListItem","position":2,"name":"Shop","item":"https:\/\/kartellsp.com.br\/shop\/"},{"@type":"ListItem","position":3,"name":"Aledin dec"}]},{"@type":"WebSite","@id":"https:\/\/kartellsp.com.br\/#website","url":"https:\/\/kartellsp.com.br\/","name":"kartellsp.com.br","description":"kartellsp.com.br","potentialAction":[{"@type":"SearchAction","target":{"@type":"EntryPoint","urlTemplate":"https:\/\/kartellsp.com.br\/?s={search_term_string}"},"query-input":{"@type":"PropertyValueSpecification","valueRequired":true,"valueName":"search_term_string"}}],"inLanguage":"pt-BR"}]}},"_links":{"self":[{"href":"https:\/\/kartellsp.com.br\/pt\/wp-json\/wp\/v2\/product\/30365","targetHints":{"allow":["GET"]}}],"collection":[{"href":"https:\/\/kartellsp.com.br\/pt\/wp-json\/wp\/v2\/product"}],"about":[{"href":"https:\/\/kartellsp.com.br\/pt\/wp-json\/wp\/v2\/types\/product"}],"replies":[{"embeddable":true,"href":"https:\/\/kartellsp.com.br\/pt\/wp-json\/wp\/v2\/comments?post=30365"}],"version-history":[{"count":1,"href":"https:\/\/kartellsp.com.br\/pt\/wp-json\/wp\/v2\/product\/30365\/revisions"}],"predecessor-version":[{"id":36942,"href":"https:\/\/kartellsp.com.br\/pt\/wp-json\/wp\/v2\/product\/30365\/revisions\/36942"}],"wp:featuredmedia":[{"embeddable":true,"href":"https:\/\/kartellsp.com.br\/pt\/wp-json\/wp\/v2\/media\/24525"}],"wp:attachment":[{"href":"https:\/\/kartellsp.com.br\/pt\/wp-json\/wp\/v2\/media?parent=30365"}],"wp:term":[{"taxonomy":"product_brand","embeddable":true,"href":"https:\/\/kartellsp.com.br\/pt\/wp-json\/wp\/v2\/product_brand?post=30365"},{"taxonomy":"product_cat","embeddable":true,"href":"https:\/\/kartellsp.com.br\/pt\/wp-json\/wp\/v2\/product_cat?post=30365"},{"taxonomy":"product_tag","embeddable":true,"href":"https:\/\/kartellsp.com.br\/pt\/wp-json\/wp\/v2\/product_tag?post=30365"}],"curies":[{"name":"wp","href":"https:\/\/api.w.org\/{rel}","templated":true}]}}

<p>Aledin é uma luminária de trabalho em LED disponível em duas versões diferentes, Tec e Dec, cujo elemento distintivo é o difusor. A Aledin Tec possui uma cabeça plana que projeta um feixe de luz direto e também é ajustável graças ao movimento do próprio difusor. Essas características a tornam adequada para uso em escritórios, enquanto a Dec, por sua vez, se define pela decoração facetada de seu difusor em formato cônico. Nesse modelo, o feixe luminoso projeta uma luz mais ampla e envolvente, que se presta bem a aplicações residenciais. Os dois braços articulados em policarbonato, que constituem a estrutura de ambos os modelos, são caracterizados por duas hastes de alumínio dotadas de função condutora. Classificada como classe 3, esta luminária apresenta uma luminosidade de alto desempenho na faixa de 600 lm e proporciona uma economia considerável no consumo de energia graças às suas lâmpadas LED de última geração de 5,6 W.</p>

<p>Aledin é uma luminária de trabalho em LED disponível em duas versões diferentes, Tec e Dec, cujo elemento distintivo é o difusor. A Aledin Tec possui uma cabeça plana que projeta u</p>

<!-- This site is optimized with the Yoast SEO plugin v28.4 - https://yoast.com/product/yoast-seo-wordpress/ -->
<title>Aledin dec - kartellsp.com.br</title>
<meta name="robots" content="index, follow, max-snippet:-1, max-image-preview:large, max-video-preview:-1" />
<link rel="canonical" href="https://kartellsp.com.br/pt/shop/table-lamps/aledin-dec/" />
<meta property="og:locale" content="pt_BR" />
<meta property="og:type" content="article" />
<meta property="og:title" content="Aledin dec - kartellsp.com.br" />
<meta property="og:description" content="Aledin é uma luminária de trabalho em LED disponível em duas versões diferentes, Tec e Dec, cujo elemento distintivo é o difusor. A Aledin Tec possui uma cabeça plana que projeta u" />
<meta property="og:url" content="https://kartellsp.com.br/pt/shop/table-lamps/aledin-dec/" />
<meta property="og:site_name" content="kartellsp.com.br" />
<meta property="article:modified_time" content="2026-09-03T15:56:20+00:00" />
<meta property="og:image" content="https://kartellsp.com.br/wp-content/uploads/2026/08/KARU9195AM.webp" />
	<meta property="og:image:width" content="940" />
	<meta property="og:image:height" content="1197" />
	<meta property="og:image:type" content="image/webp" />
<meta name="twitter:card" content="summary_large_image" />
<meta name="twitter:label1" content="Est. tempo de leitura" />
	<meta name="twitter:data1" content="1 minuto" />
<script type="application/ld+json" class="yoast-schema-graph">{"@context":"https:\/\/schema.org","@graph":[{"@type":"WebPage","@id":"https:\/\/kartellsp.com.br\/shop\/table-lamps\/aledin-dec\/","url":"https:\/\/kartellsp.com.br\/shop\/table-lamps\/aledin-dec\/","name":"Aledin dec - kartellsp.com.br","isPartOf":{"@id":"https:\/\/kartellsp.com.br\/#website"},"primaryImageOfPage":{"@id":"https:\/\/kartellsp.com.br\/shop\/table-lamps\/aledin-dec\/#primaryimage"},"image":{"@id":"https:\/\/kartellsp.com.br\/shop\/table-lamps\/aledin-dec\/#primaryimage"},"thumbnailUrl":"https:\/\/kartellsp.com.br\/wp-content\/uploads\/2026\/08\/KARU9195AM.webp","datePublished":"2026-08-26T13:27:51+00:00","dateModified":"2026-09-03T15:56:20+00:00","breadcrumb":{"@id":"https:\/\/kartellsp.com.br\/shop\/table-lamps\/aledin-dec\/#breadcrumb"},"inLanguage":"pt-BR","potentialAction":[{"@type":"ReadAction","target":["https:\/\/kartellsp.com.br\/shop\/table-lamps\/aledin-dec\/"]}]},{"@type":"ImageObject","inLanguage":"pt-BR","@id":"https:\/\/kartellsp.com.br\/shop\/table-lamps\/aledin-dec\/#primaryimage","url":"https:\/\/kartellsp.com.br\/wp-content\/uploads\/2026\/08\/KARU9195AM.webp","contentUrl":"https:\/\/kartellsp.com.br\/wp-content\/uploads\/2026\/08\/KARU9195AM.webp","width":940,"height":1197},{"@type":"BreadcrumbList","@id":"https:\/\/kartellsp.com.br\/shop\/table-lamps\/aledin-dec\/#breadcrumb","itemListElement":[{"@type":"ListItem","position":1,"name":"Home","item":"https:\/\/kartellsp.com.br\/"},{"@type":"ListItem","position":2,"name":"Shop","item":"https:\/\/kartellsp.com.br\/shop\/"},{"@type":"ListItem","position":3,"name":"Aledin dec"}]},{"@type":"WebSite","@id":"https:\/\/kartellsp.com.br\/#website","url":"https:\/\/kartellsp.com.br\/","name":"kartellsp.com.br","description":"kartellsp.com.br","potentialAction":[{"@type":"SearchAction","target":{"@type":"EntryPoint","urlTemplate":"https:\/\/kartellsp.com.br\/?s={search_term_string}"},"query-input":{"@type":"PropertyValueSpecification","valueRequired":true,"valueName":"search_term_string"}}],"inLanguage":"pt-BR"}]}</script>
<!-- / Yoast SEO plugin. -->

Aledin é uma luminária de trabalho em LED disponível em duas versões diferentes, Tec e Dec, cujo elemento distintivo é o difusor. A Aledin Tec possui uma cabeça plana que projeta u
