{"id":30397,"date":"2026-08-26T13:28:55","date_gmt":"2026-08-26T13:28:55","guid":{"rendered":"https:\/\/kartellsp.com.br\/?post_type=product&#038;p=30397"},"modified":"2026-09-03T16:55:06","modified_gmt":"2026-09-03T16:55:06","slug":"magazine-rack","status":"publish","type":"product","link":"https:\/\/kartellsp.com.br\/pt\/shop\/porta-revistas\/magazine-rack\/","title":{"rendered":"Magazine rack"},"content":{"rendered":"<p>Este \u00e9 um porta-revistas com 4 compartimentos e al\u00e7a central para facilitar o transporte. A forma \u00e9 essencial e decididamente pr\u00e1tica. \u00c9 um belo objeto que se encaixa em qualquer ambiente. Um cl\u00e1ssico do design, um item que faz parte da hist\u00f3ria da Kartel<\/p>\n","protected":false},"excerpt":{"rendered":"<p>Este \u00e9 um porta-revistas com 4 compartimentos e al\u00e7a central para facilitar o transporte. A forma \u00e9 essencial e decididamente pr\u00e1tica. \u00c9 um belo objeto que se encaixa em qualquer a<\/p>\n","protected":false},"featured_media":27893,"comment_status":"open","ping_status":"closed","template":"","meta":[],"product_brand":[],"product_cat":[1762],"product_tag":[692,566],"class_list":["post-30397","product","type-product","status-publish","has-post-thumbnail","product_cat-porta-revistas","product_tag-giotto-stoppino","product_tag-outdoor","pa_color-azul","pa_color-bordo","pa_color-marrom","pa_color-verde","first","instock","shipping-taxable","purchasable","product-type-variable","has-default-attributes"],"yoast_head":"<!-- This site is optimized with the Yoast SEO plugin v28.4 - https:\/\/yoast.com\/product\/yoast-seo-wordpress\/ -->\n<title>Magazine rack - kartellsp.com.br<\/title>\n<meta name=\"robots\" content=\"index, follow, max-snippet:-1, max-image-preview:large, max-video-preview:-1\" \/>\n<link rel=\"canonical\" href=\"https:\/\/kartellsp.com.br\/pt\/shop\/magazine-racks\/magazine-rack\/\" \/>\n<meta property=\"og:locale\" content=\"pt_BR\" \/>\n<meta property=\"og:type\" content=\"article\" \/>\n<meta property=\"og:title\" content=\"Magazine rack - kartellsp.com.br\" \/>\n<meta property=\"og:description\" content=\"Este \u00e9 um porta-revistas com 4 compartimentos e al\u00e7a central para facilitar o transporte. A forma \u00e9 essencial e decididamente pr\u00e1tica. \u00c9 um belo objeto que se encaixa em qualquer a\" \/>\n<meta property=\"og:url\" content=\"https:\/\/kartellsp.com.br\/pt\/shop\/magazine-racks\/magazine-rack\/\" \/>\n<meta property=\"og:site_name\" content=\"kartellsp.com.br\" \/>\n<meta property=\"article:modified_time\" content=\"2026-09-03T16:55:06+00:00\" \/>\n<meta property=\"og:image\" content=\"https:\/\/kartellsp.com.br\/wp-content\/uploads\/2026\/08\/KAR04676BL.webp\" \/>\n\t<meta property=\"og:image:width\" content=\"940\" \/>\n\t<meta property=\"og:image:height\" content=\"1197\" \/>\n\t<meta property=\"og:image:type\" content=\"image\/webp\" \/>\n<meta name=\"twitter:card\" content=\"summary_large_image\" \/>\n<script type=\"application\/ld+json\" class=\"yoast-schema-graph\">{\"@context\":\"https:\\\/\\\/schema.org\",\"@graph\":[{\"@type\":\"WebPage\",\"@id\":\"https:\\\/\\\/kartellsp.com.br\\\/shop\\\/magazine-racks\\\/magazine-rack\\\/\",\"url\":\"https:\\\/\\\/kartellsp.com.br\\\/shop\\\/magazine-racks\\\/magazine-rack\\\/\",\"name\":\"Magazine rack - kartellsp.com.br\",\"isPartOf\":{\"@id\":\"https:\\\/\\\/kartellsp.com.br\\\/#website\"},\"primaryImageOfPage\":{\"@id\":\"https:\\\/\\\/kartellsp.com.br\\\/shop\\\/magazine-racks\\\/magazine-rack\\\/#primaryimage\"},\"image\":{\"@id\":\"https:\\\/\\\/kartellsp.com.br\\\/shop\\\/magazine-racks\\\/magazine-rack\\\/#primaryimage\"},\"thumbnailUrl\":\"https:\\\/\\\/kartellsp.com.br\\\/wp-content\\\/uploads\\\/2026\\\/08\\\/KAR04676BL.webp\",\"datePublished\":\"2026-08-26T13:28:55+00:00\",\"dateModified\":\"2026-09-03T16:55:06+00:00\",\"breadcrumb\":{\"@id\":\"https:\\\/\\\/kartellsp.com.br\\\/shop\\\/magazine-racks\\\/magazine-rack\\\/#breadcrumb\"},\"inLanguage\":\"pt-BR\",\"potentialAction\":[{\"@type\":\"ReadAction\",\"target\":[\"https:\\\/\\\/kartellsp.com.br\\\/shop\\\/magazine-racks\\\/magazine-rack\\\/\"]}]},{\"@type\":\"ImageObject\",\"inLanguage\":\"pt-BR\",\"@id\":\"https:\\\/\\\/kartellsp.com.br\\\/shop\\\/magazine-racks\\\/magazine-rack\\\/#primaryimage\",\"url\":\"https:\\\/\\\/kartellsp.com.br\\\/wp-content\\\/uploads\\\/2026\\\/08\\\/KAR04676BL.webp\",\"contentUrl\":\"https:\\\/\\\/kartellsp.com.br\\\/wp-content\\\/uploads\\\/2026\\\/08\\\/KAR04676BL.webp\",\"width\":940,\"height\":1197},{\"@type\":\"BreadcrumbList\",\"@id\":\"https:\\\/\\\/kartellsp.com.br\\\/shop\\\/magazine-racks\\\/magazine-rack\\\/#breadcrumb\",\"itemListElement\":[{\"@type\":\"ListItem\",\"position\":1,\"name\":\"Home\",\"item\":\"https:\\\/\\\/kartellsp.com.br\\\/\"},{\"@type\":\"ListItem\",\"position\":2,\"name\":\"Shop\",\"item\":\"https:\\\/\\\/kartellsp.com.br\\\/shop\\\/\"},{\"@type\":\"ListItem\",\"position\":3,\"name\":\"Magazine rack\"}]},{\"@type\":\"WebSite\",\"@id\":\"https:\\\/\\\/kartellsp.com.br\\\/#website\",\"url\":\"https:\\\/\\\/kartellsp.com.br\\\/\",\"name\":\"kartellsp.com.br\",\"description\":\"kartellsp.com.br\",\"potentialAction\":[{\"@type\":\"SearchAction\",\"target\":{\"@type\":\"EntryPoint\",\"urlTemplate\":\"https:\\\/\\\/kartellsp.com.br\\\/?s={search_term_string}\"},\"query-input\":{\"@type\":\"PropertyValueSpecification\",\"valueRequired\":true,\"valueName\":\"search_term_string\"}}],\"inLanguage\":\"pt-BR\"}]}<\/script>\n<!-- \/ Yoast SEO plugin. -->","yoast_head_json":{"title":"Magazine rack - kartellsp.com.br","robots":{"index":"index","follow":"follow","max-snippet":"max-snippet:-1","max-image-preview":"max-image-preview:large","max-video-preview":"max-video-preview:-1"},"canonical":"https:\/\/kartellsp.com.br\/pt\/shop\/magazine-racks\/magazine-rack\/","og_locale":"pt_BR","og_type":"article","og_title":"Magazine rack - kartellsp.com.br","og_description":"Este \u00e9 um porta-revistas com 4 compartimentos e al\u00e7a central para facilitar o transporte. A forma \u00e9 essencial e decididamente pr\u00e1tica. \u00c9 um belo objeto que se encaixa em qualquer a","og_url":"https:\/\/kartellsp.com.br\/pt\/shop\/magazine-racks\/magazine-rack\/","og_site_name":"kartellsp.com.br","article_modified_time":"2026-09-03T16:55:06+00:00","og_image":[{"width":940,"height":1197,"url":"https:\/\/kartellsp.com.br\/wp-content\/uploads\/2026\/08\/KAR04676BL.webp","type":"image\/webp"}],"twitter_card":"summary_large_image","schema":{"@context":"https:\/\/schema.org","@graph":[{"@type":"WebPage","@id":"https:\/\/kartellsp.com.br\/shop\/magazine-racks\/magazine-rack\/","url":"https:\/\/kartellsp.com.br\/shop\/magazine-racks\/magazine-rack\/","name":"Magazine rack - kartellsp.com.br","isPartOf":{"@id":"https:\/\/kartellsp.com.br\/#website"},"primaryImageOfPage":{"@id":"https:\/\/kartellsp.com.br\/shop\/magazine-racks\/magazine-rack\/#primaryimage"},"image":{"@id":"https:\/\/kartellsp.com.br\/shop\/magazine-racks\/magazine-rack\/#primaryimage"},"thumbnailUrl":"https:\/\/kartellsp.com.br\/wp-content\/uploads\/2026\/08\/KAR04676BL.webp","datePublished":"2026-08-26T13:28:55+00:00","dateModified":"2026-09-03T16:55:06+00:00","breadcrumb":{"@id":"https:\/\/kartellsp.com.br\/shop\/magazine-racks\/magazine-rack\/#breadcrumb"},"inLanguage":"pt-BR","potentialAction":[{"@type":"ReadAction","target":["https:\/\/kartellsp.com.br\/shop\/magazine-racks\/magazine-rack\/"]}]},{"@type":"ImageObject","inLanguage":"pt-BR","@id":"https:\/\/kartellsp.com.br\/shop\/magazine-racks\/magazine-rack\/#primaryimage","url":"https:\/\/kartellsp.com.br\/wp-content\/uploads\/2026\/08\/KAR04676BL.webp","contentUrl":"https:\/\/kartellsp.com.br\/wp-content\/uploads\/2026\/08\/KAR04676BL.webp","width":940,"height":1197},{"@type":"BreadcrumbList","@id":"https:\/\/kartellsp.com.br\/shop\/magazine-racks\/magazine-rack\/#breadcrumb","itemListElement":[{"@type":"ListItem","position":1,"name":"Home","item":"https:\/\/kartellsp.com.br\/"},{"@type":"ListItem","position":2,"name":"Shop","item":"https:\/\/kartellsp.com.br\/shop\/"},{"@type":"ListItem","position":3,"name":"Magazine rack"}]},{"@type":"WebSite","@id":"https:\/\/kartellsp.com.br\/#website","url":"https:\/\/kartellsp.com.br\/","name":"kartellsp.com.br","description":"kartellsp.com.br","potentialAction":[{"@type":"SearchAction","target":{"@type":"EntryPoint","urlTemplate":"https:\/\/kartellsp.com.br\/?s={search_term_string}"},"query-input":{"@type":"PropertyValueSpecification","valueRequired":true,"valueName":"search_term_string"}}],"inLanguage":"pt-BR"}]}},"_links":{"self":[{"href":"https:\/\/kartellsp.com.br\/pt\/wp-json\/wp\/v2\/product\/30397","targetHints":{"allow":["GET"]}}],"collection":[{"href":"https:\/\/kartellsp.com.br\/pt\/wp-json\/wp\/v2\/product"}],"about":[{"href":"https:\/\/kartellsp.com.br\/pt\/wp-json\/wp\/v2\/types\/product"}],"replies":[{"embeddable":true,"href":"https:\/\/kartellsp.com.br\/pt\/wp-json\/wp\/v2\/comments?post=30397"}],"version-history":[{"count":1,"href":"https:\/\/kartellsp.com.br\/pt\/wp-json\/wp\/v2\/product\/30397\/revisions"}],"predecessor-version":[{"id":37440,"href":"https:\/\/kartellsp.com.br\/pt\/wp-json\/wp\/v2\/product\/30397\/revisions\/37440"}],"wp:featuredmedia":[{"embeddable":true,"href":"https:\/\/kartellsp.com.br\/pt\/wp-json\/wp\/v2\/media\/27893"}],"wp:attachment":[{"href":"https:\/\/kartellsp.com.br\/pt\/wp-json\/wp\/v2\/media?parent=30397"}],"wp:term":[{"taxonomy":"product_brand","embeddable":true,"href":"https:\/\/kartellsp.com.br\/pt\/wp-json\/wp\/v2\/product_brand?post=30397"},{"taxonomy":"product_cat","embeddable":true,"href":"https:\/\/kartellsp.com.br\/pt\/wp-json\/wp\/v2\/product_cat?post=30397"},{"taxonomy":"product_tag","embeddable":true,"href":"https:\/\/kartellsp.com.br\/pt\/wp-json\/wp\/v2\/product_tag?post=30397"}],"curies":[{"name":"wp","href":"https:\/\/api.w.org\/{rel}","templated":true}]}}

<p>Este é um porta-revistas com 4 compartimentos e alça central para facilitar o transporte. A forma é essencial e decididamente prática. É um belo objeto que se encaixa em qualquer ambiente. Um clássico do design, um item que faz parte da história da Kartel</p>

<p>Este é um porta-revistas com 4 compartimentos e alça central para facilitar o transporte. A forma é essencial e decididamente prática. É um belo objeto que se encaixa em qualquer a</p>

<!-- This site is optimized with the Yoast SEO plugin v28.4 - https://yoast.com/product/yoast-seo-wordpress/ -->
<title>Magazine rack - kartellsp.com.br</title>
<meta name="robots" content="index, follow, max-snippet:-1, max-image-preview:large, max-video-preview:-1" />
<link rel="canonical" href="https://kartellsp.com.br/pt/shop/magazine-racks/magazine-rack/" />
<meta property="og:locale" content="pt_BR" />
<meta property="og:type" content="article" />
<meta property="og:title" content="Magazine rack - kartellsp.com.br" />
<meta property="og:description" content="Este é um porta-revistas com 4 compartimentos e alça central para facilitar o transporte. A forma é essencial e decididamente prática. É um belo objeto que se encaixa em qualquer a" />
<meta property="og:url" content="https://kartellsp.com.br/pt/shop/magazine-racks/magazine-rack/" />
<meta property="og:site_name" content="kartellsp.com.br" />
<meta property="article:modified_time" content="2026-09-03T16:55:06+00:00" />
<meta property="og:image" content="https://kartellsp.com.br/wp-content/uploads/2026/08/KAR04676BL.webp" />
	<meta property="og:image:width" content="940" />
	<meta property="og:image:height" content="1197" />
	<meta property="og:image:type" content="image/webp" />
<meta name="twitter:card" content="summary_large_image" />
<script type="application/ld+json" class="yoast-schema-graph">{"@context":"https:\/\/schema.org","@graph":[{"@type":"WebPage","@id":"https:\/\/kartellsp.com.br\/shop\/magazine-racks\/magazine-rack\/","url":"https:\/\/kartellsp.com.br\/shop\/magazine-racks\/magazine-rack\/","name":"Magazine rack - kartellsp.com.br","isPartOf":{"@id":"https:\/\/kartellsp.com.br\/#website"},"primaryImageOfPage":{"@id":"https:\/\/kartellsp.com.br\/shop\/magazine-racks\/magazine-rack\/#primaryimage"},"image":{"@id":"https:\/\/kartellsp.com.br\/shop\/magazine-racks\/magazine-rack\/#primaryimage"},"thumbnailUrl":"https:\/\/kartellsp.com.br\/wp-content\/uploads\/2026\/08\/KAR04676BL.webp","datePublished":"2026-08-26T13:28:55+00:00","dateModified":"2026-09-03T16:55:06+00:00","breadcrumb":{"@id":"https:\/\/kartellsp.com.br\/shop\/magazine-racks\/magazine-rack\/#breadcrumb"},"inLanguage":"pt-BR","potentialAction":[{"@type":"ReadAction","target":["https:\/\/kartellsp.com.br\/shop\/magazine-racks\/magazine-rack\/"]}]},{"@type":"ImageObject","inLanguage":"pt-BR","@id":"https:\/\/kartellsp.com.br\/shop\/magazine-racks\/magazine-rack\/#primaryimage","url":"https:\/\/kartellsp.com.br\/wp-content\/uploads\/2026\/08\/KAR04676BL.webp","contentUrl":"https:\/\/kartellsp.com.br\/wp-content\/uploads\/2026\/08\/KAR04676BL.webp","width":940,"height":1197},{"@type":"BreadcrumbList","@id":"https:\/\/kartellsp.com.br\/shop\/magazine-racks\/magazine-rack\/#breadcrumb","itemListElement":[{"@type":"ListItem","position":1,"name":"Home","item":"https:\/\/kartellsp.com.br\/"},{"@type":"ListItem","position":2,"name":"Shop","item":"https:\/\/kartellsp.com.br\/shop\/"},{"@type":"ListItem","position":3,"name":"Magazine rack"}]},{"@type":"WebSite","@id":"https:\/\/kartellsp.com.br\/#website","url":"https:\/\/kartellsp.com.br\/","name":"kartellsp.com.br","description":"kartellsp.com.br","potentialAction":[{"@type":"SearchAction","target":{"@type":"EntryPoint","urlTemplate":"https:\/\/kartellsp.com.br\/?s={search_term_string}"},"query-input":{"@type":"PropertyValueSpecification","valueRequired":true,"valueName":"search_term_string"}}],"inLanguage":"pt-BR"}]}</script>
<!-- / Yoast SEO plugin. -->

Este é um porta-revistas com 4 compartimentos e alça central para facilitar o transporte. A forma é essencial e decididamente prática. É um belo objeto que se encaixa em qualquer a
