{"id":34135,"date":"2026-08-27T00:31:51","date_gmt":"2026-08-27T00:31:51","guid":{"rendered":"https:\/\/kartellsp.com.br\/?post_type=product&#038;p=34135"},"modified":"2026-09-03T16:55:04","modified_gmt":"2026-09-03T16:55:04","slug":"air-du-temps-2","status":"publish","type":"product","link":"https:\/\/kartellsp.com.br\/pt\/shop\/relogios\/air-du-temps-2\/","title":{"rendered":"Air du temps"},"content":{"rendered":"<p>Leveza \u00e9 a palavra de ordem do rel\u00f3gio de mesa &#8220;Air du Temps&#8221;, habitado por vazios e luz. Sua forma a\u00e9rea e seu design limpo e essencial permitem que o tempo transcorra suspenso sobre uma superf\u00edcie lisa e cintilante. Um objeto simples e elegante que se encaixa perfeitamente em qualquer ambiente.<\/p>\n","protected":false},"excerpt":{"rendered":"<p>Leveza \u00e9 a palavra de ordem do rel\u00f3gio de mesa &#8220;Air du Temps&#8221;, habitado por vazios e luz. Sua forma a\u00e9rea e seu design limpo e essencial permitem que o tempo transcorra suspenso so<\/p>\n","protected":false},"featured_media":34192,"comment_status":"open","ping_status":"closed","template":"","meta":[],"product_brand":[],"product_cat":[1761],"product_tag":[463],"class_list":["post-34135","product","type-product","status-publish","has-post-thumbnail","product_cat-relogios","product_tag-eugeni-quitllet","pa_color-branco","pa_color-cristal-preto","pa_color-preto","first","instock","shipping-taxable","purchasable","product-type-variable","has-default-attributes"],"yoast_head":"<!-- This site is optimized with the Yoast SEO plugin v28.4 - https:\/\/yoast.com\/product\/yoast-seo-wordpress\/ -->\n<title>Air du temps - kartellsp.com.br<\/title>\n<meta name=\"robots\" content=\"index, follow, max-snippet:-1, max-image-preview:large, max-video-preview:-1\" \/>\n<link rel=\"canonical\" href=\"https:\/\/kartellsp.com.br\/pt\/shop\/clocks\/air-du-temps-2\/\" \/>\n<meta property=\"og:locale\" content=\"pt_BR\" \/>\n<meta property=\"og:type\" content=\"article\" \/>\n<meta property=\"og:title\" content=\"Air du temps - kartellsp.com.br\" \/>\n<meta property=\"og:description\" content=\"Leveza \u00e9 a palavra de ordem do rel\u00f3gio de mesa &quot;Air du Temps&quot;, habitado por vazios e luz. Sua forma a\u00e9rea e seu design limpo e essencial permitem que o tempo transcorra suspenso so\" \/>\n<meta property=\"og:url\" content=\"https:\/\/kartellsp.com.br\/pt\/shop\/clocks\/air-du-temps-2\/\" \/>\n<meta property=\"og:site_name\" content=\"kartellsp.com.br\" \/>\n<meta property=\"article:modified_time\" content=\"2026-09-03T16:55:04+00:00\" \/>\n<meta property=\"og:image\" content=\"https:\/\/kartellsp.com.br\/wp-content\/uploads\/2026\/08\/KAR0193003.webp\" \/>\n\t<meta property=\"og:image:width\" content=\"940\" \/>\n\t<meta property=\"og:image:height\" content=\"1197\" \/>\n\t<meta property=\"og:image:type\" content=\"image\/webp\" \/>\n<meta name=\"twitter:card\" content=\"summary_large_image\" \/>\n<script type=\"application\/ld+json\" class=\"yoast-schema-graph\">{\"@context\":\"https:\\\/\\\/schema.org\",\"@graph\":[{\"@type\":\"WebPage\",\"@id\":\"https:\\\/\\\/kartellsp.com.br\\\/shop\\\/clocks\\\/air-du-temps-2\\\/\",\"url\":\"https:\\\/\\\/kartellsp.com.br\\\/shop\\\/clocks\\\/air-du-temps-2\\\/\",\"name\":\"Air du temps - kartellsp.com.br\",\"isPartOf\":{\"@id\":\"https:\\\/\\\/kartellsp.com.br\\\/#website\"},\"primaryImageOfPage\":{\"@id\":\"https:\\\/\\\/kartellsp.com.br\\\/shop\\\/clocks\\\/air-du-temps-2\\\/#primaryimage\"},\"image\":{\"@id\":\"https:\\\/\\\/kartellsp.com.br\\\/shop\\\/clocks\\\/air-du-temps-2\\\/#primaryimage\"},\"thumbnailUrl\":\"https:\\\/\\\/kartellsp.com.br\\\/wp-content\\\/uploads\\\/2026\\\/08\\\/KAR0193003.webp\",\"datePublished\":\"2026-08-27T00:31:51+00:00\",\"dateModified\":\"2026-09-03T16:55:04+00:00\",\"breadcrumb\":{\"@id\":\"https:\\\/\\\/kartellsp.com.br\\\/shop\\\/clocks\\\/air-du-temps-2\\\/#breadcrumb\"},\"inLanguage\":\"pt-BR\",\"potentialAction\":[{\"@type\":\"ReadAction\",\"target\":[\"https:\\\/\\\/kartellsp.com.br\\\/shop\\\/clocks\\\/air-du-temps-2\\\/\"]}]},{\"@type\":\"ImageObject\",\"inLanguage\":\"pt-BR\",\"@id\":\"https:\\\/\\\/kartellsp.com.br\\\/shop\\\/clocks\\\/air-du-temps-2\\\/#primaryimage\",\"url\":\"https:\\\/\\\/kartellsp.com.br\\\/wp-content\\\/uploads\\\/2026\\\/08\\\/KAR0193003.webp\",\"contentUrl\":\"https:\\\/\\\/kartellsp.com.br\\\/wp-content\\\/uploads\\\/2026\\\/08\\\/KAR0193003.webp\",\"width\":940,\"height\":1197},{\"@type\":\"BreadcrumbList\",\"@id\":\"https:\\\/\\\/kartellsp.com.br\\\/shop\\\/clocks\\\/air-du-temps-2\\\/#breadcrumb\",\"itemListElement\":[{\"@type\":\"ListItem\",\"position\":1,\"name\":\"Home\",\"item\":\"https:\\\/\\\/kartellsp.com.br\\\/\"},{\"@type\":\"ListItem\",\"position\":2,\"name\":\"Shop\",\"item\":\"https:\\\/\\\/kartellsp.com.br\\\/shop\\\/\"},{\"@type\":\"ListItem\",\"position\":3,\"name\":\"Air du temps\"}]},{\"@type\":\"WebSite\",\"@id\":\"https:\\\/\\\/kartellsp.com.br\\\/#website\",\"url\":\"https:\\\/\\\/kartellsp.com.br\\\/\",\"name\":\"kartellsp.com.br\",\"description\":\"kartellsp.com.br\",\"potentialAction\":[{\"@type\":\"SearchAction\",\"target\":{\"@type\":\"EntryPoint\",\"urlTemplate\":\"https:\\\/\\\/kartellsp.com.br\\\/?s={search_term_string}\"},\"query-input\":{\"@type\":\"PropertyValueSpecification\",\"valueRequired\":true,\"valueName\":\"search_term_string\"}}],\"inLanguage\":\"pt-BR\"}]}<\/script>\n<!-- \/ Yoast SEO plugin. -->","yoast_head_json":{"title":"Air du temps - kartellsp.com.br","robots":{"index":"index","follow":"follow","max-snippet":"max-snippet:-1","max-image-preview":"max-image-preview:large","max-video-preview":"max-video-preview:-1"},"canonical":"https:\/\/kartellsp.com.br\/pt\/shop\/clocks\/air-du-temps-2\/","og_locale":"pt_BR","og_type":"article","og_title":"Air du temps - kartellsp.com.br","og_description":"Leveza \u00e9 a palavra de ordem do rel\u00f3gio de mesa \"Air du Temps\", habitado por vazios e luz. Sua forma a\u00e9rea e seu design limpo e essencial permitem que o tempo transcorra suspenso so","og_url":"https:\/\/kartellsp.com.br\/pt\/shop\/clocks\/air-du-temps-2\/","og_site_name":"kartellsp.com.br","article_modified_time":"2026-09-03T16:55:04+00:00","og_image":[{"width":940,"height":1197,"url":"https:\/\/kartellsp.com.br\/wp-content\/uploads\/2026\/08\/KAR0193003.webp","type":"image\/webp"}],"twitter_card":"summary_large_image","schema":{"@context":"https:\/\/schema.org","@graph":[{"@type":"WebPage","@id":"https:\/\/kartellsp.com.br\/shop\/clocks\/air-du-temps-2\/","url":"https:\/\/kartellsp.com.br\/shop\/clocks\/air-du-temps-2\/","name":"Air du temps - kartellsp.com.br","isPartOf":{"@id":"https:\/\/kartellsp.com.br\/#website"},"primaryImageOfPage":{"@id":"https:\/\/kartellsp.com.br\/shop\/clocks\/air-du-temps-2\/#primaryimage"},"image":{"@id":"https:\/\/kartellsp.com.br\/shop\/clocks\/air-du-temps-2\/#primaryimage"},"thumbnailUrl":"https:\/\/kartellsp.com.br\/wp-content\/uploads\/2026\/08\/KAR0193003.webp","datePublished":"2026-08-27T00:31:51+00:00","dateModified":"2026-09-03T16:55:04+00:00","breadcrumb":{"@id":"https:\/\/kartellsp.com.br\/shop\/clocks\/air-du-temps-2\/#breadcrumb"},"inLanguage":"pt-BR","potentialAction":[{"@type":"ReadAction","target":["https:\/\/kartellsp.com.br\/shop\/clocks\/air-du-temps-2\/"]}]},{"@type":"ImageObject","inLanguage":"pt-BR","@id":"https:\/\/kartellsp.com.br\/shop\/clocks\/air-du-temps-2\/#primaryimage","url":"https:\/\/kartellsp.com.br\/wp-content\/uploads\/2026\/08\/KAR0193003.webp","contentUrl":"https:\/\/kartellsp.com.br\/wp-content\/uploads\/2026\/08\/KAR0193003.webp","width":940,"height":1197},{"@type":"BreadcrumbList","@id":"https:\/\/kartellsp.com.br\/shop\/clocks\/air-du-temps-2\/#breadcrumb","itemListElement":[{"@type":"ListItem","position":1,"name":"Home","item":"https:\/\/kartellsp.com.br\/"},{"@type":"ListItem","position":2,"name":"Shop","item":"https:\/\/kartellsp.com.br\/shop\/"},{"@type":"ListItem","position":3,"name":"Air du temps"}]},{"@type":"WebSite","@id":"https:\/\/kartellsp.com.br\/#website","url":"https:\/\/kartellsp.com.br\/","name":"kartellsp.com.br","description":"kartellsp.com.br","potentialAction":[{"@type":"SearchAction","target":{"@type":"EntryPoint","urlTemplate":"https:\/\/kartellsp.com.br\/?s={search_term_string}"},"query-input":{"@type":"PropertyValueSpecification","valueRequired":true,"valueName":"search_term_string"}}],"inLanguage":"pt-BR"}]}},"_links":{"self":[{"href":"https:\/\/kartellsp.com.br\/pt\/wp-json\/wp\/v2\/product\/34135","targetHints":{"allow":["GET"]}}],"collection":[{"href":"https:\/\/kartellsp.com.br\/pt\/wp-json\/wp\/v2\/product"}],"about":[{"href":"https:\/\/kartellsp.com.br\/pt\/wp-json\/wp\/v2\/types\/product"}],"replies":[{"embeddable":true,"href":"https:\/\/kartellsp.com.br\/pt\/wp-json\/wp\/v2\/comments?post=34135"}],"version-history":[{"count":1,"href":"https:\/\/kartellsp.com.br\/pt\/wp-json\/wp\/v2\/product\/34135\/revisions"}],"predecessor-version":[{"id":37438,"href":"https:\/\/kartellsp.com.br\/pt\/wp-json\/wp\/v2\/product\/34135\/revisions\/37438"}],"wp:featuredmedia":[{"embeddable":true,"href":"https:\/\/kartellsp.com.br\/pt\/wp-json\/wp\/v2\/media\/34192"}],"wp:attachment":[{"href":"https:\/\/kartellsp.com.br\/pt\/wp-json\/wp\/v2\/media?parent=34135"}],"wp:term":[{"taxonomy":"product_brand","embeddable":true,"href":"https:\/\/kartellsp.com.br\/pt\/wp-json\/wp\/v2\/product_brand?post=34135"},{"taxonomy":"product_cat","embeddable":true,"href":"https:\/\/kartellsp.com.br\/pt\/wp-json\/wp\/v2\/product_cat?post=34135"},{"taxonomy":"product_tag","embeddable":true,"href":"https:\/\/kartellsp.com.br\/pt\/wp-json\/wp\/v2\/product_tag?post=34135"}],"curies":[{"name":"wp","href":"https:\/\/api.w.org\/{rel}","templated":true}]}}

<p>Leveza é a palavra de ordem do relógio de mesa &#8220;Air du Temps&#8221;, habitado por vazios e luz. Sua forma aérea e seu design limpo e essencial permitem que o tempo transcorra suspenso sobre uma superfície lisa e cintilante. Um objeto simples e elegante que se encaixa perfeitamente em qualquer ambiente.</p>

<p>Leveza é a palavra de ordem do relógio de mesa &#8220;Air du Temps&#8221;, habitado por vazios e luz. Sua forma aérea e seu design limpo e essencial permitem que o tempo transcorra suspenso so</p>

<!-- This site is optimized with the Yoast SEO plugin v28.4 - https://yoast.com/product/yoast-seo-wordpress/ -->
<title>Air du temps - kartellsp.com.br</title>
<meta name="robots" content="index, follow, max-snippet:-1, max-image-preview:large, max-video-preview:-1" />
<link rel="canonical" href="https://kartellsp.com.br/pt/shop/clocks/air-du-temps-2/" />
<meta property="og:locale" content="pt_BR" />
<meta property="og:type" content="article" />
<meta property="og:title" content="Air du temps - kartellsp.com.br" />
<meta property="og:description" content="Leveza é a palavra de ordem do relógio de mesa &quot;Air du Temps&quot;, habitado por vazios e luz. Sua forma aérea e seu design limpo e essencial permitem que o tempo transcorra suspenso so" />
<meta property="og:url" content="https://kartellsp.com.br/pt/shop/clocks/air-du-temps-2/" />
<meta property="og:site_name" content="kartellsp.com.br" />
<meta property="article:modified_time" content="2026-09-03T16:55:04+00:00" />
<meta property="og:image" content="https://kartellsp.com.br/wp-content/uploads/2026/08/KAR0193003.webp" />
	<meta property="og:image:width" content="940" />
	<meta property="og:image:height" content="1197" />
	<meta property="og:image:type" content="image/webp" />
<meta name="twitter:card" content="summary_large_image" />
<script type="application/ld+json" class="yoast-schema-graph">{"@context":"https:\/\/schema.org","@graph":[{"@type":"WebPage","@id":"https:\/\/kartellsp.com.br\/shop\/clocks\/air-du-temps-2\/","url":"https:\/\/kartellsp.com.br\/shop\/clocks\/air-du-temps-2\/","name":"Air du temps - kartellsp.com.br","isPartOf":{"@id":"https:\/\/kartellsp.com.br\/#website"},"primaryImageOfPage":{"@id":"https:\/\/kartellsp.com.br\/shop\/clocks\/air-du-temps-2\/#primaryimage"},"image":{"@id":"https:\/\/kartellsp.com.br\/shop\/clocks\/air-du-temps-2\/#primaryimage"},"thumbnailUrl":"https:\/\/kartellsp.com.br\/wp-content\/uploads\/2026\/08\/KAR0193003.webp","datePublished":"2026-08-27T00:31:51+00:00","dateModified":"2026-09-03T16:55:04+00:00","breadcrumb":{"@id":"https:\/\/kartellsp.com.br\/shop\/clocks\/air-du-temps-2\/#breadcrumb"},"inLanguage":"pt-BR","potentialAction":[{"@type":"ReadAction","target":["https:\/\/kartellsp.com.br\/shop\/clocks\/air-du-temps-2\/"]}]},{"@type":"ImageObject","inLanguage":"pt-BR","@id":"https:\/\/kartellsp.com.br\/shop\/clocks\/air-du-temps-2\/#primaryimage","url":"https:\/\/kartellsp.com.br\/wp-content\/uploads\/2026\/08\/KAR0193003.webp","contentUrl":"https:\/\/kartellsp.com.br\/wp-content\/uploads\/2026\/08\/KAR0193003.webp","width":940,"height":1197},{"@type":"BreadcrumbList","@id":"https:\/\/kartellsp.com.br\/shop\/clocks\/air-du-temps-2\/#breadcrumb","itemListElement":[{"@type":"ListItem","position":1,"name":"Home","item":"https:\/\/kartellsp.com.br\/"},{"@type":"ListItem","position":2,"name":"Shop","item":"https:\/\/kartellsp.com.br\/shop\/"},{"@type":"ListItem","position":3,"name":"Air du temps"}]},{"@type":"WebSite","@id":"https:\/\/kartellsp.com.br\/#website","url":"https:\/\/kartellsp.com.br\/","name":"kartellsp.com.br","description":"kartellsp.com.br","potentialAction":[{"@type":"SearchAction","target":{"@type":"EntryPoint","urlTemplate":"https:\/\/kartellsp.com.br\/?s={search_term_string}"},"query-input":{"@type":"PropertyValueSpecification","valueRequired":true,"valueName":"search_term_string"}}],"inLanguage":"pt-BR"}]}</script>
<!-- / Yoast SEO plugin. -->

Leveza é a palavra de ordem do relógio de mesa "Air du Temps", habitado por vazios e luz. Sua forma aérea e seu design limpo e essencial permitem que o tempo transcorra suspenso so
