{"id":35085,"date":"2026-08-30T21:57:55","date_gmt":"2026-08-30T21:57:55","guid":{"rendered":"https:\/\/kartellsp.com.br\/?post_type=product&#038;p=35085"},"modified":"2026-09-03T16:10:30","modified_gmt":"2026-09-03T16:10:30","slug":"belvedere-2-chairs","status":"publish","type":"product","link":"https:\/\/kartellsp.com.br\/pt\/shop\/cadeiras\/belvedere-2-chairs\/","title":{"rendered":"Belvedere (2 cadeiras)"},"content":{"rendered":"<p>BELVEDERE \u00e9 a mais recente cria\u00e7\u00e3o de Ludovica Serafini e Roberto Palomba. O nome da cadeira remete \u00e0 eleg\u00e2ncia atemporal do Pal\u00e1cio Belvedere, em Viena, o mais prestigiado museu de arte e tradi\u00e7\u00e3o da \u00c1ustria. O design \u00e9 fruto de um encontro entre o refinado legado das tradicionais cadeiras vienenses e a pesquisa da Kartell em materiais e solu\u00e7\u00f5es avan\u00e7adas. A palhinha vienense se combina com uma estrutura de pl\u00e1stico reciclado para criar um produto leve e moderno. Embora em aparente contraste, os dois materiais dialogam de forma eficaz, criando uma mescla estil\u00edstica original. O resultado \u00e9 um equil\u00edbrio perfeito entre artesanato e tecnologia, passado e futuro. BELVEDERE incorpora uma eleg\u00e2ncia s\u00f3bria e rigorosa e transcende o tempo para se firmar como s\u00edmbolo de refinamento contempor\u00e2neo. Em vez de simplesmente prestar homenagem \u00e0 tradi\u00e7\u00e3o, BELVEDERE a reinterpreta com um olhar voltado para o futuro, criando uma est\u00e9tica totalmente nova.<\/p>\n","protected":false},"excerpt":{"rendered":"<p>BELVEDERE \u00e9 a mais recente cria\u00e7\u00e3o de Ludovica Serafini e Roberto Palomba. O nome da cadeira remete \u00e0 eleg\u00e2ncia atemporal do Pal\u00e1cio Belvedere, em Viena, o mais prestigiado museu d<\/p>\n","protected":false},"featured_media":35145,"comment_status":"open","ping_status":"closed","template":"","meta":[],"product_brand":[],"product_cat":[1695],"product_tag":[565,236],"class_list":["post-35085","product","type-product","status-publish","has-post-thumbnail","product_cat-cadeiras","product_tag-conscious-material","product_tag-ludovica-serafini-roberto-palomba","pa_color-bordo","pa_color-branco","pa_color-preto","pa_color-verde","first","instock","shipping-taxable","purchasable","product-type-variable","has-default-attributes"],"yoast_head":"<!-- This site is optimized with the Yoast SEO plugin v28.4 - https:\/\/yoast.com\/product\/yoast-seo-wordpress\/ -->\n<title>Belvedere (2 cadeiras) - kartellsp.com.br<\/title>\n<meta name=\"robots\" content=\"index, follow, max-snippet:-1, max-image-preview:large, max-video-preview:-1\" \/>\n<link rel=\"canonical\" href=\"https:\/\/kartellsp.com.br\/pt\/shop\/chairs\/belvedere-2-chairs\/\" \/>\n<meta property=\"og:locale\" content=\"pt_BR\" \/>\n<meta property=\"og:type\" content=\"article\" \/>\n<meta property=\"og:title\" content=\"Belvedere (2 cadeiras) - kartellsp.com.br\" \/>\n<meta property=\"og:description\" content=\"BELVEDERE \u00e9 a mais recente cria\u00e7\u00e3o de Ludovica Serafini e Roberto Palomba. O nome da cadeira remete \u00e0 eleg\u00e2ncia atemporal do Pal\u00e1cio Belvedere, em Viena, o mais prestigiado museu d\" \/>\n<meta property=\"og:url\" content=\"https:\/\/kartellsp.com.br\/pt\/shop\/chairs\/belvedere-2-chairs\/\" \/>\n<meta property=\"og:site_name\" content=\"kartellsp.com.br\" \/>\n<meta property=\"article:modified_time\" content=\"2026-09-03T16:10:30+00:00\" \/>\n<meta property=\"og:image\" content=\"https:\/\/kartellsp.com.br\/wp-content\/uploads\/2026\/08\/KAR05857BI.webp\" \/>\n\t<meta property=\"og:image:width\" content=\"940\" \/>\n\t<meta property=\"og:image:height\" content=\"1197\" \/>\n\t<meta property=\"og:image:type\" content=\"image\/webp\" \/>\n<meta name=\"twitter:card\" content=\"summary_large_image\" \/>\n<meta name=\"twitter:label1\" content=\"Est. tempo de leitura\" \/>\n\t<meta name=\"twitter:data1\" content=\"1 minuto\" \/>\n<script type=\"application\/ld+json\" class=\"yoast-schema-graph\">{\"@context\":\"https:\\\/\\\/schema.org\",\"@graph\":[{\"@type\":\"WebPage\",\"@id\":\"https:\\\/\\\/kartellsp.com.br\\\/shop\\\/chairs\\\/belvedere-2-chairs\\\/\",\"url\":\"https:\\\/\\\/kartellsp.com.br\\\/shop\\\/chairs\\\/belvedere-2-chairs\\\/\",\"name\":\"Belvedere (2 cadeiras) - kartellsp.com.br\",\"isPartOf\":{\"@id\":\"https:\\\/\\\/kartellsp.com.br\\\/#website\"},\"primaryImageOfPage\":{\"@id\":\"https:\\\/\\\/kartellsp.com.br\\\/shop\\\/chairs\\\/belvedere-2-chairs\\\/#primaryimage\"},\"image\":{\"@id\":\"https:\\\/\\\/kartellsp.com.br\\\/shop\\\/chairs\\\/belvedere-2-chairs\\\/#primaryimage\"},\"thumbnailUrl\":\"https:\\\/\\\/kartellsp.com.br\\\/wp-content\\\/uploads\\\/2026\\\/08\\\/KAR05857BI.webp\",\"datePublished\":\"2026-08-30T21:57:55+00:00\",\"dateModified\":\"2026-09-03T16:10:30+00:00\",\"breadcrumb\":{\"@id\":\"https:\\\/\\\/kartellsp.com.br\\\/shop\\\/chairs\\\/belvedere-2-chairs\\\/#breadcrumb\"},\"inLanguage\":\"pt-BR\",\"potentialAction\":[{\"@type\":\"ReadAction\",\"target\":[\"https:\\\/\\\/kartellsp.com.br\\\/shop\\\/chairs\\\/belvedere-2-chairs\\\/\"]}]},{\"@type\":\"ImageObject\",\"inLanguage\":\"pt-BR\",\"@id\":\"https:\\\/\\\/kartellsp.com.br\\\/shop\\\/chairs\\\/belvedere-2-chairs\\\/#primaryimage\",\"url\":\"https:\\\/\\\/kartellsp.com.br\\\/wp-content\\\/uploads\\\/2026\\\/08\\\/KAR05857BI.webp\",\"contentUrl\":\"https:\\\/\\\/kartellsp.com.br\\\/wp-content\\\/uploads\\\/2026\\\/08\\\/KAR05857BI.webp\",\"width\":940,\"height\":1197},{\"@type\":\"BreadcrumbList\",\"@id\":\"https:\\\/\\\/kartellsp.com.br\\\/shop\\\/chairs\\\/belvedere-2-chairs\\\/#breadcrumb\",\"itemListElement\":[{\"@type\":\"ListItem\",\"position\":1,\"name\":\"Home\",\"item\":\"https:\\\/\\\/kartellsp.com.br\\\/\"},{\"@type\":\"ListItem\",\"position\":2,\"name\":\"Shop\",\"item\":\"https:\\\/\\\/kartellsp.com.br\\\/shop\\\/\"},{\"@type\":\"ListItem\",\"position\":3,\"name\":\"Belvedere (2 cadeiras)\"}]},{\"@type\":\"WebSite\",\"@id\":\"https:\\\/\\\/kartellsp.com.br\\\/#website\",\"url\":\"https:\\\/\\\/kartellsp.com.br\\\/\",\"name\":\"kartellsp.com.br\",\"description\":\"kartellsp.com.br\",\"potentialAction\":[{\"@type\":\"SearchAction\",\"target\":{\"@type\":\"EntryPoint\",\"urlTemplate\":\"https:\\\/\\\/kartellsp.com.br\\\/?s={search_term_string}\"},\"query-input\":{\"@type\":\"PropertyValueSpecification\",\"valueRequired\":true,\"valueName\":\"search_term_string\"}}],\"inLanguage\":\"pt-BR\"}]}<\/script>\n<!-- \/ Yoast SEO plugin. -->","yoast_head_json":{"title":"Belvedere (2 cadeiras) - kartellsp.com.br","robots":{"index":"index","follow":"follow","max-snippet":"max-snippet:-1","max-image-preview":"max-image-preview:large","max-video-preview":"max-video-preview:-1"},"canonical":"https:\/\/kartellsp.com.br\/pt\/shop\/chairs\/belvedere-2-chairs\/","og_locale":"pt_BR","og_type":"article","og_title":"Belvedere (2 cadeiras) - kartellsp.com.br","og_description":"BELVEDERE \u00e9 a mais recente cria\u00e7\u00e3o de Ludovica Serafini e Roberto Palomba. O nome da cadeira remete \u00e0 eleg\u00e2ncia atemporal do Pal\u00e1cio Belvedere, em Viena, o mais prestigiado museu d","og_url":"https:\/\/kartellsp.com.br\/pt\/shop\/chairs\/belvedere-2-chairs\/","og_site_name":"kartellsp.com.br","article_modified_time":"2026-09-03T16:10:30+00:00","og_image":[{"width":940,"height":1197,"url":"https:\/\/kartellsp.com.br\/wp-content\/uploads\/2026\/08\/KAR05857BI.webp","type":"image\/webp"}],"twitter_card":"summary_large_image","twitter_misc":{"Est. tempo de leitura":"1 minuto"},"schema":{"@context":"https:\/\/schema.org","@graph":[{"@type":"WebPage","@id":"https:\/\/kartellsp.com.br\/shop\/chairs\/belvedere-2-chairs\/","url":"https:\/\/kartellsp.com.br\/shop\/chairs\/belvedere-2-chairs\/","name":"Belvedere (2 cadeiras) - kartellsp.com.br","isPartOf":{"@id":"https:\/\/kartellsp.com.br\/#website"},"primaryImageOfPage":{"@id":"https:\/\/kartellsp.com.br\/shop\/chairs\/belvedere-2-chairs\/#primaryimage"},"image":{"@id":"https:\/\/kartellsp.com.br\/shop\/chairs\/belvedere-2-chairs\/#primaryimage"},"thumbnailUrl":"https:\/\/kartellsp.com.br\/wp-content\/uploads\/2026\/08\/KAR05857BI.webp","datePublished":"2026-08-30T21:57:55+00:00","dateModified":"2026-09-03T16:10:30+00:00","breadcrumb":{"@id":"https:\/\/kartellsp.com.br\/shop\/chairs\/belvedere-2-chairs\/#breadcrumb"},"inLanguage":"pt-BR","potentialAction":[{"@type":"ReadAction","target":["https:\/\/kartellsp.com.br\/shop\/chairs\/belvedere-2-chairs\/"]}]},{"@type":"ImageObject","inLanguage":"pt-BR","@id":"https:\/\/kartellsp.com.br\/shop\/chairs\/belvedere-2-chairs\/#primaryimage","url":"https:\/\/kartellsp.com.br\/wp-content\/uploads\/2026\/08\/KAR05857BI.webp","contentUrl":"https:\/\/kartellsp.com.br\/wp-content\/uploads\/2026\/08\/KAR05857BI.webp","width":940,"height":1197},{"@type":"BreadcrumbList","@id":"https:\/\/kartellsp.com.br\/shop\/chairs\/belvedere-2-chairs\/#breadcrumb","itemListElement":[{"@type":"ListItem","position":1,"name":"Home","item":"https:\/\/kartellsp.com.br\/"},{"@type":"ListItem","position":2,"name":"Shop","item":"https:\/\/kartellsp.com.br\/shop\/"},{"@type":"ListItem","position":3,"name":"Belvedere (2 cadeiras)"}]},{"@type":"WebSite","@id":"https:\/\/kartellsp.com.br\/#website","url":"https:\/\/kartellsp.com.br\/","name":"kartellsp.com.br","description":"kartellsp.com.br","potentialAction":[{"@type":"SearchAction","target":{"@type":"EntryPoint","urlTemplate":"https:\/\/kartellsp.com.br\/?s={search_term_string}"},"query-input":{"@type":"PropertyValueSpecification","valueRequired":true,"valueName":"search_term_string"}}],"inLanguage":"pt-BR"}]}},"_links":{"self":[{"href":"https:\/\/kartellsp.com.br\/pt\/wp-json\/wp\/v2\/product\/35085","targetHints":{"allow":["GET"]}}],"collection":[{"href":"https:\/\/kartellsp.com.br\/pt\/wp-json\/wp\/v2\/product"}],"about":[{"href":"https:\/\/kartellsp.com.br\/pt\/wp-json\/wp\/v2\/types\/product"}],"replies":[{"embeddable":true,"href":"https:\/\/kartellsp.com.br\/pt\/wp-json\/wp\/v2\/comments?post=35085"}],"version-history":[{"count":2,"href":"https:\/\/kartellsp.com.br\/pt\/wp-json\/wp\/v2\/product\/35085\/revisions"}],"predecessor-version":[{"id":37091,"href":"https:\/\/kartellsp.com.br\/pt\/wp-json\/wp\/v2\/product\/35085\/revisions\/37091"}],"wp:featuredmedia":[{"embeddable":true,"href":"https:\/\/kartellsp.com.br\/pt\/wp-json\/wp\/v2\/media\/35145"}],"wp:attachment":[{"href":"https:\/\/kartellsp.com.br\/pt\/wp-json\/wp\/v2\/media?parent=35085"}],"wp:term":[{"taxonomy":"product_brand","embeddable":true,"href":"https:\/\/kartellsp.com.br\/pt\/wp-json\/wp\/v2\/product_brand?post=35085"},{"taxonomy":"product_cat","embeddable":true,"href":"https:\/\/kartellsp.com.br\/pt\/wp-json\/wp\/v2\/product_cat?post=35085"},{"taxonomy":"product_tag","embeddable":true,"href":"https:\/\/kartellsp.com.br\/pt\/wp-json\/wp\/v2\/product_tag?post=35085"}],"curies":[{"name":"wp","href":"https:\/\/api.w.org\/{rel}","templated":true}]}}

<p>BELVEDERE é a mais recente criação de Ludovica Serafini e Roberto Palomba. O nome da cadeira remete à elegância atemporal do Palácio Belvedere, em Viena, o mais prestigiado museu de arte e tradição da Áustria. O design é fruto de um encontro entre o refinado legado das tradicionais cadeiras vienenses e a pesquisa da Kartell em materiais e soluções avançadas. A palhinha vienense se combina com uma estrutura de plástico reciclado para criar um produto leve e moderno. Embora em aparente contraste, os dois materiais dialogam de forma eficaz, criando uma mescla estilística original. O resultado é um equilíbrio perfeito entre artesanato e tecnologia, passado e futuro. BELVEDERE incorpora uma elegância sóbria e rigorosa e transcende o tempo para se firmar como símbolo de refinamento contemporâneo. Em vez de simplesmente prestar homenagem à tradição, BELVEDERE a reinterpreta com um olhar voltado para o futuro, criando uma estética totalmente nova.</p>

<p>BELVEDERE é a mais recente criação de Ludovica Serafini e Roberto Palomba. O nome da cadeira remete à elegância atemporal do Palácio Belvedere, em Viena, o mais prestigiado museu d</p>

<!-- This site is optimized with the Yoast SEO plugin v28.4 - https://yoast.com/product/yoast-seo-wordpress/ -->
<title>Belvedere (2 cadeiras) - kartellsp.com.br</title>
<meta name="robots" content="index, follow, max-snippet:-1, max-image-preview:large, max-video-preview:-1" />
<link rel="canonical" href="https://kartellsp.com.br/pt/shop/chairs/belvedere-2-chairs/" />
<meta property="og:locale" content="pt_BR" />
<meta property="og:type" content="article" />
<meta property="og:title" content="Belvedere (2 cadeiras) - kartellsp.com.br" />
<meta property="og:description" content="BELVEDERE é a mais recente criação de Ludovica Serafini e Roberto Palomba. O nome da cadeira remete à elegância atemporal do Palácio Belvedere, em Viena, o mais prestigiado museu d" />
<meta property="og:url" content="https://kartellsp.com.br/pt/shop/chairs/belvedere-2-chairs/" />
<meta property="og:site_name" content="kartellsp.com.br" />
<meta property="article:modified_time" content="2026-09-03T16:10:30+00:00" />
<meta property="og:image" content="https://kartellsp.com.br/wp-content/uploads/2026/08/KAR05857BI.webp" />
	<meta property="og:image:width" content="940" />
	<meta property="og:image:height" content="1197" />
	<meta property="og:image:type" content="image/webp" />
<meta name="twitter:card" content="summary_large_image" />
<meta name="twitter:label1" content="Est. tempo de leitura" />
	<meta name="twitter:data1" content="1 minuto" />
<script type="application/ld+json" class="yoast-schema-graph">{"@context":"https:\/\/schema.org","@graph":[{"@type":"WebPage","@id":"https:\/\/kartellsp.com.br\/shop\/chairs\/belvedere-2-chairs\/","url":"https:\/\/kartellsp.com.br\/shop\/chairs\/belvedere-2-chairs\/","name":"Belvedere (2 cadeiras) - kartellsp.com.br","isPartOf":{"@id":"https:\/\/kartellsp.com.br\/#website"},"primaryImageOfPage":{"@id":"https:\/\/kartellsp.com.br\/shop\/chairs\/belvedere-2-chairs\/#primaryimage"},"image":{"@id":"https:\/\/kartellsp.com.br\/shop\/chairs\/belvedere-2-chairs\/#primaryimage"},"thumbnailUrl":"https:\/\/kartellsp.com.br\/wp-content\/uploads\/2026\/08\/KAR05857BI.webp","datePublished":"2026-08-30T21:57:55+00:00","dateModified":"2026-09-03T16:10:30+00:00","breadcrumb":{"@id":"https:\/\/kartellsp.com.br\/shop\/chairs\/belvedere-2-chairs\/#breadcrumb"},"inLanguage":"pt-BR","potentialAction":[{"@type":"ReadAction","target":["https:\/\/kartellsp.com.br\/shop\/chairs\/belvedere-2-chairs\/"]}]},{"@type":"ImageObject","inLanguage":"pt-BR","@id":"https:\/\/kartellsp.com.br\/shop\/chairs\/belvedere-2-chairs\/#primaryimage","url":"https:\/\/kartellsp.com.br\/wp-content\/uploads\/2026\/08\/KAR05857BI.webp","contentUrl":"https:\/\/kartellsp.com.br\/wp-content\/uploads\/2026\/08\/KAR05857BI.webp","width":940,"height":1197},{"@type":"BreadcrumbList","@id":"https:\/\/kartellsp.com.br\/shop\/chairs\/belvedere-2-chairs\/#breadcrumb","itemListElement":[{"@type":"ListItem","position":1,"name":"Home","item":"https:\/\/kartellsp.com.br\/"},{"@type":"ListItem","position":2,"name":"Shop","item":"https:\/\/kartellsp.com.br\/shop\/"},{"@type":"ListItem","position":3,"name":"Belvedere (2 cadeiras)"}]},{"@type":"WebSite","@id":"https:\/\/kartellsp.com.br\/#website","url":"https:\/\/kartellsp.com.br\/","name":"kartellsp.com.br","description":"kartellsp.com.br","potentialAction":[{"@type":"SearchAction","target":{"@type":"EntryPoint","urlTemplate":"https:\/\/kartellsp.com.br\/?s={search_term_string}"},"query-input":{"@type":"PropertyValueSpecification","valueRequired":true,"valueName":"search_term_string"}}],"inLanguage":"pt-BR"}]}</script>
<!-- / Yoast SEO plugin. -->

BELVEDERE é a mais recente criação de Ludovica Serafini e Roberto Palomba. O nome da cadeira remete à elegância atemporal do Palácio Belvedere, em Viena, o mais prestigiado museu d
