{"id":34941,"date":"2026-08-30T21:55:50","date_gmt":"2026-08-30T21:55:50","guid":{"rendered":"https:\/\/kartellsp.com.br\/?post_type=product&#038;p=34941"},"modified":"2026-09-03T16:10:34","modified_gmt":"2026-09-03T16:10:34","slug":"a-i-2-chairs","status":"publish","type":"product","link":"https:\/\/kartellsp.com.br\/pt_BR\/shop\/cadeiras\/a-i-2-chairs\/","title":{"rendered":"A.i. (2 cadeiras)"},"content":{"rendered":"<p>A Kartell mant\u00e9m seu compromisso cont\u00ednuo com a sustentabilidade por meio de produtos ecol\u00f3gicos que fazem parte de um projeto mais amplo, expresso pelo manifesto industrial Kartell loves the planet. A.I. \u00e9 a cadeira criada pela primeira vez usando material reciclado, na qual a est\u00e9tica e os requisitos estruturais permanecem inalterados, unindo-se perfeitamente ao design generativo. O valor agregado da A.I. est\u00e1 no fato de ser a primeira fam\u00edlia de produtos concebida pela Intelig\u00eancia Artificial em resposta aos dados fornecidos pelo designer (Philippe Starck) e ao know-how da empresa (Kartell). Mais especificamente, pensamento criativo, know-how da empresa e intelig\u00eancia artificial se uniram para desenvolver um modelo de cadeira baseado em um algoritmo que respeita o briefing original do designer e da empresa um produto confort\u00e1vel, com a resist\u00eancia estrutural e a solidez necess\u00e1rias, mantendo ao mesmo tempo um dos principais valores da Kartell: ser um produto industrial moldado por inje\u00e7\u00e3o com qualidade est\u00e9tica excepcional.<\/p>\n","protected":false},"excerpt":{"rendered":"<p>A Kartell mant\u00e9m seu compromisso cont\u00ednuo com a sustentabilidade por meio de produtos ecol\u00f3gicos que fazem parte de um projeto mais amplo, expresso pelo manifesto industrial Kartel<\/p>\n","protected":false},"featured_media":34947,"comment_status":"open","ping_status":"closed","template":"","meta":[],"product_brand":[],"product_cat":[1695],"product_tag":[565,566,191,568],"class_list":["post-34941","product","type-product","status-publish","has-post-thumbnail","product_cat-cadeiras","product_tag-conscious-material","product_tag-outdoor","product_tag-philippe-starck","product_tag-recycled-material","pa_cor-azul-petroleo","pa_cor-branco","pa_cor-cinza","pa_cor-marrom","pa_cor-moca","pa_cor-preto","first","instock","shipping-taxable","purchasable","product-type-variable","has-default-attributes"],"yoast_head":"<!-- This site is optimized with the Yoast SEO plugin v28.4 - https:\/\/yoast.com\/product\/yoast-seo-wordpress\/ -->\n<title>A.i. (2 cadeiras) - kartellsp.com.br<\/title>\n<meta name=\"robots\" content=\"index, follow, max-snippet:-1, max-image-preview:large, max-video-preview:-1\" \/>\n<link rel=\"canonical\" href=\"https:\/\/kartellsp.com.br\/pt_BR\/shop\/chairs\/a-i-2-chairs\/\" \/>\n<meta property=\"og:locale\" content=\"pt_BR\" \/>\n<meta property=\"og:type\" content=\"article\" \/>\n<meta property=\"og:title\" content=\"A.i. (2 cadeiras) - kartellsp.com.br\" \/>\n<meta property=\"og:description\" content=\"A Kartell mant\u00e9m seu compromisso cont\u00ednuo com a sustentabilidade por meio de produtos ecol\u00f3gicos que fazem parte de um projeto mais amplo, expresso pelo manifesto industrial Kartel\" \/>\n<meta property=\"og:url\" content=\"https:\/\/kartellsp.com.br\/pt_BR\/shop\/chairs\/a-i-2-chairs\/\" \/>\n<meta property=\"og:site_name\" content=\"kartellsp.com.br\" \/>\n<meta property=\"article:modified_time\" content=\"2026-09-03T16:10:34+00:00\" \/>\n<meta property=\"og:image\" content=\"https:\/\/kartellsp.com.br\/wp-content\/uploads\/2026\/08\/KAR05886BI.webp\" \/>\n\t<meta property=\"og:image:width\" content=\"940\" \/>\n\t<meta property=\"og:image:height\" content=\"1197\" \/>\n\t<meta property=\"og:image:type\" content=\"image\/webp\" \/>\n<meta name=\"twitter:card\" content=\"summary_large_image\" \/>\n<meta name=\"twitter:label1\" content=\"Est. tempo de leitura\" \/>\n\t<meta name=\"twitter:data1\" content=\"1 minuto\" \/>\n<script type=\"application\/ld+json\" class=\"yoast-schema-graph\">{\"@context\":\"https:\\\/\\\/schema.org\",\"@graph\":[{\"@type\":\"WebPage\",\"@id\":\"https:\\\/\\\/kartellsp.com.br\\\/shop\\\/chairs\\\/a-i-2-chairs\\\/\",\"url\":\"https:\\\/\\\/kartellsp.com.br\\\/shop\\\/chairs\\\/a-i-2-chairs\\\/\",\"name\":\"A.i. (2 cadeiras) - kartellsp.com.br\",\"isPartOf\":{\"@id\":\"https:\\\/\\\/kartellsp.com.br\\\/#website\"},\"primaryImageOfPage\":{\"@id\":\"https:\\\/\\\/kartellsp.com.br\\\/shop\\\/chairs\\\/a-i-2-chairs\\\/#primaryimage\"},\"image\":{\"@id\":\"https:\\\/\\\/kartellsp.com.br\\\/shop\\\/chairs\\\/a-i-2-chairs\\\/#primaryimage\"},\"thumbnailUrl\":\"https:\\\/\\\/kartellsp.com.br\\\/wp-content\\\/uploads\\\/2026\\\/08\\\/KAR05886BI.webp\",\"datePublished\":\"2026-08-30T21:55:50+00:00\",\"dateModified\":\"2026-09-03T16:10:34+00:00\",\"breadcrumb\":{\"@id\":\"https:\\\/\\\/kartellsp.com.br\\\/shop\\\/chairs\\\/a-i-2-chairs\\\/#breadcrumb\"},\"inLanguage\":\"pt-BR\",\"potentialAction\":[{\"@type\":\"ReadAction\",\"target\":[\"https:\\\/\\\/kartellsp.com.br\\\/shop\\\/chairs\\\/a-i-2-chairs\\\/\"]}]},{\"@type\":\"ImageObject\",\"inLanguage\":\"pt-BR\",\"@id\":\"https:\\\/\\\/kartellsp.com.br\\\/shop\\\/chairs\\\/a-i-2-chairs\\\/#primaryimage\",\"url\":\"https:\\\/\\\/kartellsp.com.br\\\/wp-content\\\/uploads\\\/2026\\\/08\\\/KAR05886BI.webp\",\"contentUrl\":\"https:\\\/\\\/kartellsp.com.br\\\/wp-content\\\/uploads\\\/2026\\\/08\\\/KAR05886BI.webp\",\"width\":940,\"height\":1197},{\"@type\":\"BreadcrumbList\",\"@id\":\"https:\\\/\\\/kartellsp.com.br\\\/shop\\\/chairs\\\/a-i-2-chairs\\\/#breadcrumb\",\"itemListElement\":[{\"@type\":\"ListItem\",\"position\":1,\"name\":\"Home\",\"item\":\"https:\\\/\\\/kartellsp.com.br\\\/\"},{\"@type\":\"ListItem\",\"position\":2,\"name\":\"loja\",\"item\":\"https:\\\/\\\/kartellsp.com.br\\\/loja\\\/\"},{\"@type\":\"ListItem\",\"position\":3,\"name\":\"A.i. (2 cadeiras)\"}]},{\"@type\":\"WebSite\",\"@id\":\"https:\\\/\\\/kartellsp.com.br\\\/#website\",\"url\":\"https:\\\/\\\/kartellsp.com.br\\\/\",\"name\":\"kartellsp.com.br\",\"description\":\"kartellsp.com.br\",\"potentialAction\":[{\"@type\":\"SearchAction\",\"target\":{\"@type\":\"EntryPoint\",\"urlTemplate\":\"https:\\\/\\\/kartellsp.com.br\\\/?s={search_term_string}\"},\"query-input\":{\"@type\":\"PropertyValueSpecification\",\"valueRequired\":true,\"valueName\":\"search_term_string\"}}],\"inLanguage\":\"pt-BR\"}]}<\/script>\n<!-- \/ Yoast SEO plugin. -->","yoast_head_json":{"title":"A.i. (2 cadeiras) - kartellsp.com.br","robots":{"index":"index","follow":"follow","max-snippet":"max-snippet:-1","max-image-preview":"max-image-preview:large","max-video-preview":"max-video-preview:-1"},"canonical":"https:\/\/kartellsp.com.br\/pt_BR\/shop\/chairs\/a-i-2-chairs\/","og_locale":"pt_BR","og_type":"article","og_title":"A.i. (2 cadeiras) - kartellsp.com.br","og_description":"A Kartell mant\u00e9m seu compromisso cont\u00ednuo com a sustentabilidade por meio de produtos ecol\u00f3gicos que fazem parte de um projeto mais amplo, expresso pelo manifesto industrial Kartel","og_url":"https:\/\/kartellsp.com.br\/pt_BR\/shop\/chairs\/a-i-2-chairs\/","og_site_name":"kartellsp.com.br","article_modified_time":"2026-09-03T16:10:34+00:00","og_image":[{"width":940,"height":1197,"url":"https:\/\/kartellsp.com.br\/wp-content\/uploads\/2026\/08\/KAR05886BI.webp","type":"image\/webp"}],"twitter_card":"summary_large_image","twitter_misc":{"Est. tempo de leitura":"1 minuto"},"schema":{"@context":"https:\/\/schema.org","@graph":[{"@type":"WebPage","@id":"https:\/\/kartellsp.com.br\/shop\/chairs\/a-i-2-chairs\/","url":"https:\/\/kartellsp.com.br\/shop\/chairs\/a-i-2-chairs\/","name":"A.i. (2 cadeiras) - kartellsp.com.br","isPartOf":{"@id":"https:\/\/kartellsp.com.br\/#website"},"primaryImageOfPage":{"@id":"https:\/\/kartellsp.com.br\/shop\/chairs\/a-i-2-chairs\/#primaryimage"},"image":{"@id":"https:\/\/kartellsp.com.br\/shop\/chairs\/a-i-2-chairs\/#primaryimage"},"thumbnailUrl":"https:\/\/kartellsp.com.br\/wp-content\/uploads\/2026\/08\/KAR05886BI.webp","datePublished":"2026-08-30T21:55:50+00:00","dateModified":"2026-09-03T16:10:34+00:00","breadcrumb":{"@id":"https:\/\/kartellsp.com.br\/shop\/chairs\/a-i-2-chairs\/#breadcrumb"},"inLanguage":"pt-BR","potentialAction":[{"@type":"ReadAction","target":["https:\/\/kartellsp.com.br\/shop\/chairs\/a-i-2-chairs\/"]}]},{"@type":"ImageObject","inLanguage":"pt-BR","@id":"https:\/\/kartellsp.com.br\/shop\/chairs\/a-i-2-chairs\/#primaryimage","url":"https:\/\/kartellsp.com.br\/wp-content\/uploads\/2026\/08\/KAR05886BI.webp","contentUrl":"https:\/\/kartellsp.com.br\/wp-content\/uploads\/2026\/08\/KAR05886BI.webp","width":940,"height":1197},{"@type":"BreadcrumbList","@id":"https:\/\/kartellsp.com.br\/shop\/chairs\/a-i-2-chairs\/#breadcrumb","itemListElement":[{"@type":"ListItem","position":1,"name":"Home","item":"https:\/\/kartellsp.com.br\/"},{"@type":"ListItem","position":2,"name":"loja","item":"https:\/\/kartellsp.com.br\/loja\/"},{"@type":"ListItem","position":3,"name":"A.i. (2 cadeiras)"}]},{"@type":"WebSite","@id":"https:\/\/kartellsp.com.br\/#website","url":"https:\/\/kartellsp.com.br\/","name":"kartellsp.com.br","description":"kartellsp.com.br","potentialAction":[{"@type":"SearchAction","target":{"@type":"EntryPoint","urlTemplate":"https:\/\/kartellsp.com.br\/?s={search_term_string}"},"query-input":{"@type":"PropertyValueSpecification","valueRequired":true,"valueName":"search_term_string"}}],"inLanguage":"pt-BR"}]}},"_links":{"self":[{"href":"https:\/\/kartellsp.com.br\/pt_BR\/wp-json\/wp\/v2\/product\/34941","targetHints":{"allow":["GET"]}}],"collection":[{"href":"https:\/\/kartellsp.com.br\/pt_BR\/wp-json\/wp\/v2\/product"}],"about":[{"href":"https:\/\/kartellsp.com.br\/pt_BR\/wp-json\/wp\/v2\/types\/product"}],"replies":[{"embeddable":true,"href":"https:\/\/kartellsp.com.br\/pt_BR\/wp-json\/wp\/v2\/comments?post=34941"}],"version-history":[{"count":2,"href":"https:\/\/kartellsp.com.br\/pt_BR\/wp-json\/wp\/v2\/product\/34941\/revisions"}],"predecessor-version":[{"id":37103,"href":"https:\/\/kartellsp.com.br\/pt_BR\/wp-json\/wp\/v2\/product\/34941\/revisions\/37103"}],"wp:featuredmedia":[{"embeddable":true,"href":"https:\/\/kartellsp.com.br\/pt_BR\/wp-json\/wp\/v2\/media\/34947"}],"wp:attachment":[{"href":"https:\/\/kartellsp.com.br\/pt_BR\/wp-json\/wp\/v2\/media?parent=34941"}],"wp:term":[{"taxonomy":"product_brand","embeddable":true,"href":"https:\/\/kartellsp.com.br\/pt_BR\/wp-json\/wp\/v2\/product_brand?post=34941"},{"taxonomy":"product_cat","embeddable":true,"href":"https:\/\/kartellsp.com.br\/pt_BR\/wp-json\/wp\/v2\/product_cat?post=34941"},{"taxonomy":"product_tag","embeddable":true,"href":"https:\/\/kartellsp.com.br\/pt_BR\/wp-json\/wp\/v2\/product_tag?post=34941"}],"curies":[{"name":"wp","href":"https:\/\/api.w.org\/{rel}","templated":true}]}}

<p>A Kartell mantém seu compromisso contínuo com a sustentabilidade por meio de produtos ecológicos que fazem parte de um projeto mais amplo, expresso pelo manifesto industrial Kartell loves the planet. A.I. é a cadeira criada pela primeira vez usando material reciclado, na qual a estética e os requisitos estruturais permanecem inalterados, unindo-se perfeitamente ao design generativo. O valor agregado da A.I. está no fato de ser a primeira família de produtos concebida pela Inteligência Artificial em resposta aos dados fornecidos pelo designer (Philippe Starck) e ao know-how da empresa (Kartell). Mais especificamente, pensamento criativo, know-how da empresa e inteligência artificial se uniram para desenvolver um modelo de cadeira baseado em um algoritmo que respeita o briefing original do designer e da empresa um produto confortável, com a resistência estrutural e a solidez necessárias, mantendo ao mesmo tempo um dos principais valores da Kartell: ser um produto industrial moldado por injeção com qualidade estética excepcional.</p>

<p>A Kartell mantém seu compromisso contínuo com a sustentabilidade por meio de produtos ecológicos que fazem parte de um projeto mais amplo, expresso pelo manifesto industrial Kartel</p>

<!-- This site is optimized with the Yoast SEO plugin v28.4 - https://yoast.com/product/yoast-seo-wordpress/ -->
<title>A.i. (2 cadeiras) - kartellsp.com.br</title>
<meta name="robots" content="index, follow, max-snippet:-1, max-image-preview:large, max-video-preview:-1" />
<link rel="canonical" href="https://kartellsp.com.br/pt_BR/shop/chairs/a-i-2-chairs/" />
<meta property="og:locale" content="pt_BR" />
<meta property="og:type" content="article" />
<meta property="og:title" content="A.i. (2 cadeiras) - kartellsp.com.br" />
<meta property="og:description" content="A Kartell mantém seu compromisso contínuo com a sustentabilidade por meio de produtos ecológicos que fazem parte de um projeto mais amplo, expresso pelo manifesto industrial Kartel" />
<meta property="og:url" content="https://kartellsp.com.br/pt_BR/shop/chairs/a-i-2-chairs/" />
<meta property="og:site_name" content="kartellsp.com.br" />
<meta property="article:modified_time" content="2026-09-03T16:10:34+00:00" />
<meta property="og:image" content="https://kartellsp.com.br/wp-content/uploads/2026/08/KAR05886BI.webp" />
	<meta property="og:image:width" content="940" />
	<meta property="og:image:height" content="1197" />
	<meta property="og:image:type" content="image/webp" />
<meta name="twitter:card" content="summary_large_image" />
<meta name="twitter:label1" content="Est. tempo de leitura" />
	<meta name="twitter:data1" content="1 minuto" />
<script type="application/ld+json" class="yoast-schema-graph">{"@context":"https:\/\/schema.org","@graph":[{"@type":"WebPage","@id":"https:\/\/kartellsp.com.br\/shop\/chairs\/a-i-2-chairs\/","url":"https:\/\/kartellsp.com.br\/shop\/chairs\/a-i-2-chairs\/","name":"A.i. (2 cadeiras) - kartellsp.com.br","isPartOf":{"@id":"https:\/\/kartellsp.com.br\/#website"},"primaryImageOfPage":{"@id":"https:\/\/kartellsp.com.br\/shop\/chairs\/a-i-2-chairs\/#primaryimage"},"image":{"@id":"https:\/\/kartellsp.com.br\/shop\/chairs\/a-i-2-chairs\/#primaryimage"},"thumbnailUrl":"https:\/\/kartellsp.com.br\/wp-content\/uploads\/2026\/08\/KAR05886BI.webp","datePublished":"2026-08-30T21:55:50+00:00","dateModified":"2026-09-03T16:10:34+00:00","breadcrumb":{"@id":"https:\/\/kartellsp.com.br\/shop\/chairs\/a-i-2-chairs\/#breadcrumb"},"inLanguage":"pt-BR","potentialAction":[{"@type":"ReadAction","target":["https:\/\/kartellsp.com.br\/shop\/chairs\/a-i-2-chairs\/"]}]},{"@type":"ImageObject","inLanguage":"pt-BR","@id":"https:\/\/kartellsp.com.br\/shop\/chairs\/a-i-2-chairs\/#primaryimage","url":"https:\/\/kartellsp.com.br\/wp-content\/uploads\/2026\/08\/KAR05886BI.webp","contentUrl":"https:\/\/kartellsp.com.br\/wp-content\/uploads\/2026\/08\/KAR05886BI.webp","width":940,"height":1197},{"@type":"BreadcrumbList","@id":"https:\/\/kartellsp.com.br\/shop\/chairs\/a-i-2-chairs\/#breadcrumb","itemListElement":[{"@type":"ListItem","position":1,"name":"Home","item":"https:\/\/kartellsp.com.br\/"},{"@type":"ListItem","position":2,"name":"loja","item":"https:\/\/kartellsp.com.br\/loja\/"},{"@type":"ListItem","position":3,"name":"A.i. (2 cadeiras)"}]},{"@type":"WebSite","@id":"https:\/\/kartellsp.com.br\/#website","url":"https:\/\/kartellsp.com.br\/","name":"kartellsp.com.br","description":"kartellsp.com.br","potentialAction":[{"@type":"SearchAction","target":{"@type":"EntryPoint","urlTemplate":"https:\/\/kartellsp.com.br\/?s={search_term_string}"},"query-input":{"@type":"PropertyValueSpecification","valueRequired":true,"valueName":"search_term_string"}}],"inLanguage":"pt-BR"}]}</script>
<!-- / Yoast SEO plugin. -->

A Kartell mantém seu compromisso contínuo com a sustentabilidade por meio de produtos ecológicos que fazem parte de um projeto mais amplo, expresso pelo manifesto industrial Kartel
